{"id":11277,"date":"2025-03-17T11:14:48","date_gmt":"2025-03-17T10:14:48","guid":{"rendered":"https:\/\/tg-schierstein.de\/?post_type=tribe_events&#038;p=11277"},"modified":"2025-05-03T20:49:03","modified_gmt":"2025-05-03T18:49:03","slug":"verein-mitwirkendenfeier-fastnacht","status":"publish","type":"tribe_events","link":"https:\/\/tg-schierstein.de\/?tribe_events=verein-mitwirkendenfeier-fastnacht","title":{"rendered":"Verein | Mitwirkendenfeier Fastnacht"},"content":{"rendered":"<h3 style=\"text-align: center;\">Nur f\u00fcr geladene G\u00e4ste.<\/h3>\n<p style=\"text-align: center;\"><span style=\"background-color: #ffff00;\"><strong>(Siehe pers\u00f6nliche Einladung.)<\/strong><\/span><\/p>\n<p><img loading=\"lazy\" decoding=\"async\" class=\"wp-image-10697 size-medium aligncenter\" src=\"https:\/\/tg-schierstein.de\/wp-content\/uploads\/2024\/12\/save-the-date-7857592_1280-300x261.png\" alt=\"\" width=\"300\" height=\"261\" srcset=\"https:\/\/tg-schierstein.de\/wp-content\/uploads\/2024\/12\/save-the-date-7857592_1280-300x261.png 300w, https:\/\/tg-schierstein.de\/wp-content\/uploads\/2024\/12\/save-the-date-7857592_1280-1024x891.png 1024w, https:\/\/tg-schierstein.de\/wp-content\/uploads\/2024\/12\/save-the-date-7857592_1280-768x668.png 768w, https:\/\/tg-schierstein.de\/wp-content\/uploads\/2024\/12\/save-the-date-7857592_1280-705x614.png 705w, https:\/\/tg-schierstein.de\/wp-content\/uploads\/2024\/12\/save-the-date-7857592_1280.png 1280w\" sizes=\"auto, (max-width: 300px) 100vw, 300px\" \/><\/p>\n","protected":false},"excerpt":{"rendered":"<p>Nur f\u00fcr geladene G\u00e4ste. (Siehe pers\u00f6nliche Einladung.)<\/p>\n","protected":false},"author":1,"featured_media":8329,"template":"","meta":{"_acf_changed":false,"_tribe_events_status":"","_tribe_events_status_reason":"","footnotes":""},"tags":[],"tribe_events_cat":[51,47,50],"class_list":["post-11277","tribe_events","type-tribe_events","status-publish","has-post-thumbnail","hentry","tribe_events_cat-fastnacht","tribe_events_cat-unterhaltungsriege","tribe_events_cat-verein","cat_fastnacht","cat_unterhaltungsriege","cat_verein"],"acf":[],"publishpress_future_workflow_manual_trigger":{"enabledWorkflows":[]},"_links":{"self":[{"href":"https:\/\/tg-schierstein.de\/index.php?rest_route=\/wp\/v2\/tribe_events\/11277","targetHints":{"allow":["GET"]}}],"collection":[{"href":"https:\/\/tg-schierstein.de\/index.php?rest_route=\/wp\/v2\/tribe_events"}],"about":[{"href":"https:\/\/tg-schierstein.de\/index.php?rest_route=\/wp\/v2\/types\/tribe_events"}],"author":[{"embeddable":true,"href":"https:\/\/tg-schierstein.de\/index.php?rest_route=\/wp\/v2\/users\/1"}],"version-history":[{"count":7,"href":"https:\/\/tg-schierstein.de\/index.php?rest_route=\/wp\/v2\/tribe_events\/11277\/revisions"}],"predecessor-version":[{"id":11530,"href":"https:\/\/tg-schierstein.de\/index.php?rest_route=\/wp\/v2\/tribe_events\/11277\/revisions\/11530"}],"wp:featuredmedia":[{"embeddable":true,"href":"https:\/\/tg-schierstein.de\/index.php?rest_route=\/wp\/v2\/media\/8329"}],"wp:attachment":[{"href":"https:\/\/tg-schierstein.de\/index.php?rest_route=%2Fwp%2Fv2%2Fmedia&parent=11277"}],"wp:term":[{"taxonomy":"post_tag","embeddable":true,"href":"https:\/\/tg-schierstein.de\/index.php?rest_route=%2Fwp%2Fv2%2Ftags&post=11277"},{"taxonomy":"tribe_events_cat","embeddable":true,"href":"https:\/\/tg-schierstein.de\/index.php?rest_route=%2Fwp%2Fv2%2Ftribe_events_cat&post=11277"}],"curies":[{"name":"wp","href":"https:\/\/api.w.org\/{rel}","templated":true}]}}

<h3 style="text-align: center;">Nur für geladene Gäste.</h3>
<p style="text-align: center;"><span style="background-color: #ffff00;"><strong>(Siehe persönliche Einladung.)</strong></span></p>
<p><img loading="lazy" decoding="async" class="wp-image-10697 size-medium aligncenter" src="https://tg-schierstein.de/wp-content/uploads/2024/12/save-the-date-7857592_1280-300x261.png" alt="" width="300" height="261" srcset="https://tg-schierstein.de/wp-content/uploads/2024/12/save-the-date-7857592_1280-300x261.png 300w, https://tg-schierstein.de/wp-content/uploads/2024/12/save-the-date-7857592_1280-1024x891.png 1024w, https://tg-schierstein.de/wp-content/uploads/2024/12/save-the-date-7857592_1280-768x668.png 768w, https://tg-schierstein.de/wp-content/uploads/2024/12/save-the-date-7857592_1280-705x614.png 705w, https://tg-schierstein.de/wp-content/uploads/2024/12/save-the-date-7857592_1280.png 1280w" sizes="auto, (max-width: 300px) 100vw, 300px" /></p>

<p>Nur für geladene Gäste. (Siehe persönliche Einladung.)</p>
