{"id":9538,"date":"2024-04-26T19:08:25","date_gmt":"2024-04-26T17:08:25","guid":{"rendered":"https:\/\/tg-schierstein.de\/?page_id=9538"},"modified":"2024-10-06T14:39:19","modified_gmt":"2024-10-06T12:39:19","slug":"speisekarte","status":"publish","type":"page","link":"https:\/\/tg-schierstein.de\/?page_id=9538","title":{"rendered":"Speisekarte (To Go)"},"content":{"rendered":"\n<div class=\"brm-menu minimalist\">\n\n<div class=\"brm-menu-section\">\t\t<div class=\"brm-heading brm-group-1\" style=\"display: block;\">\n\t\t\t\t\t\t\t<h2>Ausser Haus<\/h2>\n\t\t\t\t\t\t\t\t\t\t<div class=\"brm-heading-description\">(Stand: 01.03.2026)<br \/>\n<br \/>\nTelefon: (0611) 22171<\/div>\n\t\t\t\t\t<\/div>\n\t<div class=\"brm-menu-section nested-child\">\t\t<div class=\"brm-heading brm-group-2 subgroup\" style=\"display: block;\">\n\t\t\t\t\t\t\t<h2>Salat<\/h2>\n\t\t\t\t\t\t\t\t<\/div>\n\t\t<div class=\"brm-items subgroup\">\n\t\t\t<div class=\"brm-item brm-item-1\">\n\t\t\t\t\t\t<div class=\"brm-item-details\">\n\t\t\t\t<div class=\"brm-item-name\">Gemischter Salat<\/div>\n\t\t\t\t<div class=\"brm-item-price\">&euro;6.50<\/div>\n\t\t\t\t<div class=\"brm-item-description\">mit Gurken, Tomaten, Karottenstreifen, Oliven<br \/>\n(9,c,i,j,1)<\/div>\n\t\t\t<\/div>\n\t\t<\/div>\n\t\t\t\t<div class=\"brm-item brm-item-6\">\n\t\t\t\t\t\t<div class=\"brm-item-details\">\n\t\t\t\t<div class=\"brm-item-name\">Tomatensalat<\/div>\n\t\t\t\t<div class=\"brm-item-price\">&euro;8.50<\/div>\n\t\t\t\t<div class=\"brm-item-description\">mit Thunfisch &amp; K\u00e4se<br \/>\n(c,f,i,j,1)<\/div>\n\t\t\t<\/div>\n\t\t<\/div>\n\t\t\t\t<div class=\"brm-item brm-item-5\">\n\t\t\t\t\t\t<div class=\"brm-item-details\">\n\t\t\t\t<div class=\"brm-item-name\">Caprese<\/div>\n\t\t\t\t<div class=\"brm-item-price\">&euro;8.50<\/div>\n\t\t\t\t<div class=\"brm-item-description\">Mozzarellak\u00e4se mit Tomaten, Basilikum, Oliven\u00f6l<br \/>\n(g)<\/div>\n\t\t\t<\/div>\n\t\t<\/div>\n\t\t\t\t<div class=\"brm-item brm-item-4\">\n\t\t\t\t\t\t<div class=\"brm-item-details\">\n\t\t\t\t<div class=\"brm-item-name\">Chef Salat<\/div>\n\t\t\t\t<div class=\"brm-item-price\">&euro;9.00<\/div>\n\t\t\t\t<div class=\"brm-item-description\">Gemischter Salat, K\u00e4se, Artischocken, Paprika<br \/>\n(c,g,i,j,1)<\/div>\n\t\t\t<\/div>\n\t\t<\/div>\n\t\t\t\t<div class=\"brm-item brm-item-2\">\n\t\t\t\t\t\t<div class=\"brm-item-details\">\n\t\t\t\t<div class=\"brm-item-name\">Italienischer Salat<\/div>\n\t\t\t\t<div class=\"brm-item-price\">&euro;9.50<\/div>\n\t\t\t\t<div class=\"brm-item-description\">Gemischter Salat mit K\u00e4se, Gurken, Tomaten, Thunfisch, Paprika<br \/>\n(9,c,g,f,i,j,1)<\/div>\n\t\t\t<\/div>\n\t\t<\/div>\n\t\t\t\t<div class=\"brm-item brm-item-3\">\n\t\t\t\t\t\t<div class=\"brm-item-details\">\n\t\t\t\t<div class=\"brm-item-name\">Fitness Salat<\/div>\n\t\t\t\t<div class=\"brm-item-price\">&euro;12.50<\/div>\n\t\t\t\t<div class=\"brm-item-description\">Gemischter Salat mit Shrimps, Oliven\u00f6l, Zitronensaft<br \/>\n(b)<\/div>\n\t\t\t<\/div>\n\t\t<\/div>\n\t\t\t\t<div class=\"brm-item brm-item-7\">\n\t\t\t\t\t\t<div class=\"brm-item-details\">\n\t\t\t\t<div class=\"brm-item-name\">Fantasy Salat<\/div>\n\t\t\t\t<div class=\"brm-item-price\">&euro;12.50<\/div>\n\t\t\t\t<div class=\"brm-item-description\">Gemischter Salat mit Ananas, K\u00e4se, Putenstreifen<\/div>\n\t\t\t<\/div>\n\t\t<\/div>\n\t\t\t<\/div>\n\t<\/div><div class=\"brm-menu-section nested-child\">\t\t<div class=\"brm-heading brm-group-6 subgroup\" style=\"display: block;\">\n\t\t\t\t\t\t\t<h2>Pizza<\/h2>\n\t\t\t\t\t\t\t\t\t\t<div class=\"brm-heading-description\">Alle Pizzas mit Tomatenso\u00dfe &amp; K\u00e4se<br \/>\n-Lactosefrei- (g,a,4)<br \/>\nZus\u00e4tzliche Extras nur gegen Aufpreis m\u00f6glich.<\/div>\n\t\t\t\t\t<\/div>\n\t\t<div class=\"brm-items subgroup\">\n\t\t\t<div class=\"brm-item brm-item-22\">\n\t\t\t\t\t\t<div class=\"brm-item-details\">\n\t\t\t\t<div class=\"brm-item-name\">Pizza Magherita<\/div>\n\t\t\t\t<div class=\"brm-item-price\">&euro;7.00<\/div>\n\t\t\t\t<div class=\"brm-item-description\"><\/div>\n\t\t\t<\/div>\n\t\t<\/div>\n\t\t\t\t<div class=\"brm-item brm-item-23\">\n\t\t\t\t\t\t<div class=\"brm-item-details\">\n\t\t\t\t<div class=\"brm-item-name\">Pizza Peperoniwurst<\/div>\n\t\t\t\t<div class=\"brm-item-price\">&euro;8.00<\/div>\n\t\t\t\t<div class=\"brm-item-description\">(1,3,4,5,i)<\/div>\n\t\t\t<\/div>\n\t\t<\/div>\n\t\t\t\t<div class=\"brm-item brm-item-24\">\n\t\t\t\t\t\t<div class=\"brm-item-details\">\n\t\t\t\t<div class=\"brm-item-name\">Pizza Salami<\/div>\n\t\t\t\t<div class=\"brm-item-price\">&euro;8.00<\/div>\n\t\t\t\t<div class=\"brm-item-description\">(1,3,4,5,i)<\/div>\n\t\t\t<\/div>\n\t\t<\/div>\n\t\t\t\t<div class=\"brm-item brm-item-26\">\n\t\t\t\t\t\t<div class=\"brm-item-details\">\n\t\t\t\t<div class=\"brm-item-name\">Pizza Schinken<\/div>\n\t\t\t\t<div class=\"brm-item-price\">&euro;8.00<\/div>\n\t\t\t\t<div class=\"brm-item-description\">(1,3,4,5)<\/div>\n\t\t\t<\/div>\n\t\t<\/div>\n\t\t\t\t<div class=\"brm-item brm-item-25\">\n\t\t\t\t\t\t<div class=\"brm-item-details\">\n\t\t\t\t<div class=\"brm-item-name\">Pizza Rudi<\/div>\n\t\t\t\t<div class=\"brm-item-price\">&euro;9.00<\/div>\n\t\t\t\t<div class=\"brm-item-description\">Salami, Peperoniwurst<br \/>\n(1,3,4,5,i)<\/div>\n\t\t\t<\/div>\n\t\t<\/div>\n\t\t\t\t<div class=\"brm-item brm-item-27\">\n\t\t\t\t\t\t<div class=\"brm-item-details\">\n\t\t\t\t<div class=\"brm-item-name\">Pizza Schinken &amp; Champignons<\/div>\n\t\t\t\t<div class=\"brm-item-price\">&euro;9.00<\/div>\n\t\t\t\t<div class=\"brm-item-description\">(1,3,4,5)<\/div>\n\t\t\t<\/div>\n\t\t<\/div>\n\t\t\t\t<div class=\"brm-item brm-item-28\">\n\t\t\t\t\t\t<div class=\"brm-item-details\">\n\t\t\t\t<div class=\"brm-item-name\">Pizza Hawaii<\/div>\n\t\t\t\t<div class=\"brm-item-price\">&euro;9.00<\/div>\n\t\t\t\t<div class=\"brm-item-description\">Schinken, Ananas<br \/>\n(1,2,3,5)<\/div>\n\t\t\t<\/div>\n\t\t<\/div>\n\t\t\t\t<div class=\"brm-item brm-item-31\">\n\t\t\t\t\t\t<div class=\"brm-item-details\">\n\t\t\t\t<div class=\"brm-item-name\">Pizza Paul<\/div>\n\t\t\t\t<div class=\"brm-item-price\">&euro;9.50<\/div>\n\t\t\t\t<div class=\"brm-item-description\">Salami, Peperoniwurst, Sardellen<br \/>\n(1,3,4,5,i,d)<\/div>\n\t\t\t<\/div>\n\t\t<\/div>\n\t\t\t\t<div class=\"brm-item brm-item-32\">\n\t\t\t\t\t\t<div class=\"brm-item-details\">\n\t\t\t\t<div class=\"brm-item-name\">Pizza Thunfisch<\/div>\n\t\t\t\t<div class=\"brm-item-price\">&euro;9.50<\/div>\n\t\t\t\t<div class=\"brm-item-description\">mit Zwiebeln<br \/>\n(f)<\/div>\n\t\t\t<\/div>\n\t\t<\/div>\n\t\t\t\t<div class=\"brm-item brm-item-33\">\n\t\t\t\t\t\t<div class=\"brm-item-details\">\n\t\t\t\t<div class=\"brm-item-name\">Pizza Quattro Stagioni<\/div>\n\t\t\t\t<div class=\"brm-item-price\">&euro;9.50<\/div>\n\t\t\t\t<div class=\"brm-item-description\">Artischocken, Champignons, Schinken, Peperoniwurst<br \/>\n(1,3,4,5,i,d)<\/div>\n\t\t\t<\/div>\n\t\t<\/div>\n\t\t\t\t<div class=\"brm-item brm-item-34\">\n\t\t\t\t\t\t<div class=\"brm-item-details\">\n\t\t\t\t<div class=\"brm-item-name\">Pizza Marcus<\/div>\n\t\t\t\t<div class=\"brm-item-price\">&euro;9.50<\/div>\n\t\t\t\t<div class=\"brm-item-description\">Champignons, Paprika, Zwiebeln, Ei, Peperoniwurst<br \/>\n(c)<\/div>\n\t\t\t<\/div>\n\t\t<\/div>\n\t\t\t\t<div class=\"brm-item brm-item-35\">\n\t\t\t\t\t\t<div class=\"brm-item-details\">\n\t\t\t\t<div class=\"brm-item-name\">Pizza Mista<\/div>\n\t\t\t\t<div class=\"brm-item-price\">&euro;9.50<\/div>\n\t\t\t\t<div class=\"brm-item-description\">Salami, Champignons, Schinken, Peperoniwurst<br \/>\n(1,3,4,5,i)<\/div>\n\t\t\t<\/div>\n\t\t<\/div>\n\t\t\t\t<div class=\"brm-item brm-item-36\">\n\t\t\t\t\t\t<div class=\"brm-item-details\">\n\t\t\t\t<div class=\"brm-item-name\">Pizza Napoli<\/div>\n\t\t\t\t<div class=\"brm-item-price\">&euro;9.50<\/div>\n\t\t\t\t<div class=\"brm-item-description\">Mozzarella, Oliven, Sardellen, Kapern<br \/>\n(9,d)<\/div>\n\t\t\t<\/div>\n\t\t<\/div>\n\t\t\t\t<div class=\"brm-item brm-item-37\">\n\t\t\t\t\t\t<div class=\"brm-item-details\">\n\t\t\t\t<div class=\"brm-item-name\">Pizza Il Mulino<\/div>\n\t\t\t\t<div class=\"brm-item-price\">&euro;9.50<\/div>\n\t\t\t\t<div class=\"brm-item-description\">scharf - Peperoniwust, Schinken, Zwiebeln, Pfefferoni<br \/>\n(1,3,4,5,i)<\/div>\n\t\t\t<\/div>\n\t\t<\/div>\n\t\t\t\t<div class=\"brm-item brm-item-38\">\n\t\t\t\t\t\t<div class=\"brm-item-details\">\n\t\t\t\t<div class=\"brm-item-name\">Pizza Quattro Formaggi<\/div>\n\t\t\t\t<div class=\"brm-item-price\">&euro;9.50<\/div>\n\t\t\t\t<div class=\"brm-item-description\">mit vier verschiedenen K\u00e4searten<br \/>\n(g,4)<\/div>\n\t\t\t<\/div>\n\t\t<\/div>\n\t\t\t\t<div class=\"brm-item brm-item-39\">\n\t\t\t\t\t\t<div class=\"brm-item-details\">\n\t\t\t\t<div class=\"brm-item-name\">Pizza Calzone<\/div>\n\t\t\t\t<div class=\"brm-item-price\">&euro;9.50<\/div>\n\t\t\t\t<div class=\"brm-item-description\">gef\u00fcllt mit Salami, Schinken, Champignons<br \/>\n(1,3,4,5,i)<\/div>\n\t\t\t<\/div>\n\t\t<\/div>\n\t\t\t\t<div class=\"brm-item brm-item-40\">\n\t\t\t\t\t\t<div class=\"brm-item-details\">\n\t\t\t\t<div class=\"brm-item-name\">Pizza Capricciosa<\/div>\n\t\t\t\t<div class=\"brm-item-price\">&euro;9.50<\/div>\n\t\t\t\t<div class=\"brm-item-description\">Peperoniwurst, Artischocken, Champignons, Paprika<br \/>\n(1,3,4,5,i,)<\/div>\n\t\t\t<\/div>\n\t\t<\/div>\n\t\t\t\t<div class=\"brm-item brm-item-41\">\n\t\t\t\t\t\t<div class=\"brm-item-details\">\n\t\t\t\t<div class=\"brm-item-name\">Pizza Caprese<\/div>\n\t\t\t\t<div class=\"brm-item-price\">&euro;9.50<\/div>\n\t\t\t\t<div class=\"brm-item-description\">Tomaten, Mozzarella, Basilikum<\/div>\n\t\t\t<\/div>\n\t\t<\/div>\n\t\t\t\t<div class=\"brm-item brm-item-42\">\n\t\t\t\t\t\t<div class=\"brm-item-details\">\n\t\t\t\t<div class=\"brm-item-name\">Pizza Mamma Mia<\/div>\n\t\t\t\t<div class=\"brm-item-price\">&euro;9.50<\/div>\n\t\t\t\t<div class=\"brm-item-description\">scharf - Peperoniwurst, Spinat, Pfefferoni, Knoblauch<br \/>\n(1,3,4,5,i)<\/div>\n\t\t\t<\/div>\n\t\t<\/div>\n\t\t\t\t<div class=\"brm-item brm-item-43\">\n\t\t\t\t\t\t<div class=\"brm-item-details\">\n\t\t\t\t<div class=\"brm-item-name\">Pizza Speciale<\/div>\n\t\t\t\t<div class=\"brm-item-price\">&euro;9.50<\/div>\n\t\t\t\t<div class=\"brm-item-description\">Gorgonzola, Zwiebeln<\/div>\n\t\t\t<\/div>\n\t\t<\/div>\n\t\t\t\t<div class=\"brm-item brm-item-45\">\n\t\t\t\t\t\t<div class=\"brm-item-details\">\n\t\t\t\t<div class=\"brm-item-name\">Pizza Vegetarisch<\/div>\n\t\t\t\t<div class=\"brm-item-price\">&euro;9.50<\/div>\n\t\t\t\t<div class=\"brm-item-description\">Pilze, Artischocken, Paprika, Mais<br \/>\n(3)<\/div>\n\t\t\t<\/div>\n\t\t<\/div>\n\t\t\t\t<div class=\"brm-item brm-item-151\">\n\t\t\t\t\t\t<div class=\"brm-item-details\">\n\t\t\t\t<div class=\"brm-item-name\">Pizza M\u00e4nnerballett<\/div>\n\t\t\t\t<div class=\"brm-item-price\">&euro;10.50<\/div>\n\t\t\t\t<div class=\"brm-item-description\">gleich Pizza Mista, mit viel Knoblauch<br \/>\n(1,3,4,5,i)<\/div>\n\t\t\t<\/div>\n\t\t<\/div>\n\t\t\t\t<div class=\"brm-item brm-item-46\">\n\t\t\t\t\t\t<div class=\"brm-item-details\">\n\t\t\t\t<div class=\"brm-item-name\">Pizza Totale<\/div>\n\t\t\t\t<div class=\"brm-item-price\">&euro;10.50<\/div>\n\t\t\t\t<div class=\"brm-item-description\">Ananas, Salami, Thunfisch, frische Tomaten, Mozzarella<br \/>\n(1,3,4,5,i,f)<\/div>\n\t\t\t<\/div>\n\t\t<\/div>\n\t\t\t\t<div class=\"brm-item brm-item-47\">\n\t\t\t\t\t\t<div class=\"brm-item-details\">\n\t\t\t\t<div class=\"brm-item-name\">Pizza Scampi<\/div>\n\t\t\t\t<div class=\"brm-item-price\">&euro;12.50<\/div>\n\t\t\t\t<div class=\"brm-item-description\">mit Knoblauch<br \/>\n(b)<\/div>\n\t\t\t<\/div>\n\t\t<\/div>\n\t\t\t\t<div class=\"brm-item brm-item-48\">\n\t\t\t\t\t\t<div class=\"brm-item-details\">\n\t\t\t\t<div class=\"brm-item-name\">Pizza Mare<\/div>\n\t\t\t\t<div class=\"brm-item-price\">&euro;12.50<\/div>\n\t\t\t\t<div class=\"brm-item-description\">verschiedene Meeresfr\u00fcchte, Knoblauch<br \/>\n(b,n,i)<\/div>\n\t\t\t<\/div>\n\t\t<\/div>\n\t\t\t<\/div>\n\t<\/div><div class=\"brm-menu-section nested-child\">\t\t<div class=\"brm-heading brm-group-4 subgroup\" style=\"display: block;\">\n\t\t\t\t\t\t\t<h2>Nudeln<\/h2>\n\t\t\t\t\t\t\t\t\t\t<div class=\"brm-heading-description\">Wahlweise Spaghetti, Penne oder Tortellini<br \/>\n(a,c)<\/div>\n\t\t\t\t\t<\/div>\n\t\t<div class=\"brm-items subgroup\">\n\t\t\t<div class=\"brm-item brm-item-8\">\n\t\t\t\t\t\t<div class=\"brm-item-details\">\n\t\t\t\t<div class=\"brm-item-name\">Carbonara<\/div>\n\t\t\t\t<div class=\"brm-item-price\">&euro;9.50<\/div>\n\t\t\t\t<div class=\"brm-item-description\">Ei, Speck, Zwiebeln, Sahneso\u00dfe<br \/>\n(a,c,g,1,3)<\/div>\n\t\t\t<\/div>\n\t\t<\/div>\n\t\t\t\t<div class=\"brm-item brm-item-9\">\n\t\t\t\t\t\t<div class=\"brm-item-details\">\n\t\t\t\t<div class=\"brm-item-name\">Knoblauch, Oliven\u00f6l &amp; Pfefferoni<\/div>\n\t\t\t\t<div class=\"brm-item-price\">&euro;9.50<\/div>\n\t\t\t\t<div class=\"brm-item-description\">scharf<br \/>\n(a,c,6)<\/div>\n\t\t\t<\/div>\n\t\t<\/div>\n\t\t\t\t<div class=\"brm-item brm-item-10\">\n\t\t\t\t\t\t<div class=\"brm-item-details\">\n\t\t\t\t<div class=\"brm-item-name\">Tomatenso\u00dfe<\/div>\n\t\t\t\t<div class=\"brm-item-price\">&euro;9.50<\/div>\n\t\t\t\t<div class=\"brm-item-description\">mit Basilikum<br \/>\n(a,c,b)<\/div>\n\t\t\t<\/div>\n\t\t<\/div>\n\t\t\t\t<div class=\"brm-item brm-item-11\">\n\t\t\t\t\t\t<div class=\"brm-item-details\">\n\t\t\t\t<div class=\"brm-item-name\">Arrabiata<\/div>\n\t\t\t\t<div class=\"brm-item-price\">&euro;9.50<\/div>\n\t\t\t\t<div class=\"brm-item-description\">scharf - Speck, Zwiebeln, Tomatenso\u00dfe, Pfefferoni<br \/>\n(a,g,c,1,3,6)<\/div>\n\t\t\t<\/div>\n\t\t<\/div>\n\t\t\t\t<div class=\"brm-item brm-item-12\">\n\t\t\t\t\t\t<div class=\"brm-item-details\">\n\t\t\t\t<div class=\"brm-item-name\">Gorgonzola<\/div>\n\t\t\t\t<div class=\"brm-item-price\">&euro;9.50<\/div>\n\t\t\t\t<div class=\"brm-item-description\">(a,c,g)<\/div>\n\t\t\t<\/div>\n\t\t<\/div>\n\t\t\t\t<div class=\"brm-item brm-item-13\">\n\t\t\t\t\t\t<div class=\"brm-item-details\">\n\t\t\t\t<div class=\"brm-item-name\">Schinken &amp; Sahneso\u00dfe<\/div>\n\t\t\t\t<div class=\"brm-item-price\">&euro;9.50<\/div>\n\t\t\t\t<div class=\"brm-item-description\">(1,3,4,5,a,g,c)<\/div>\n\t\t\t<\/div>\n\t\t<\/div>\n\t\t\t\t<div class=\"brm-item brm-item-14\">\n\t\t\t\t\t\t<div class=\"brm-item-details\">\n\t\t\t\t<div class=\"brm-item-name\">Bolognese<\/div>\n\t\t\t\t<div class=\"brm-item-price\">&euro;10.00<\/div>\n\t\t\t\t<div class=\"brm-item-description\">(a,c,i)<\/div>\n\t\t\t<\/div>\n\t\t<\/div>\n\t\t\t\t<div class=\"brm-item brm-item-152\">\n\t\t\t\t\t\t<div class=\"brm-item-details\">\n\t\t\t\t<div class=\"brm-item-name\">Salento<\/div>\n\t\t\t\t<div class=\"brm-item-price\">&euro;11.00<\/div>\n\t\t\t\t<div class=\"brm-item-description\">Knoblauch,, Oliven\u00f6l, Pfefferoni, Oliven, Kapern und Sardellen<br \/>\n(a,c,6,9)<\/div>\n\t\t\t<\/div>\n\t\t<\/div>\n\t\t\t\t<div class=\"brm-item brm-item-15\">\n\t\t\t\t\t\t<div class=\"brm-item-details\">\n\t\t\t\t<div class=\"brm-item-name\">Il Mulino<\/div>\n\t\t\t\t<div class=\"brm-item-price\">&euro;12.50<\/div>\n\t\t\t\t<div class=\"brm-item-description\">scharf - Putenfleisch, Tomaten, Zwiebeln, Knoblauch, Pfefferoni, Basilikum<br \/>\n(a,c,6,2)<\/div>\n\t\t\t<\/div>\n\t\t<\/div>\n\t\t\t\t<div class=\"brm-item brm-item-16\">\n\t\t\t\t\t\t<div class=\"brm-item-details\">\n\t\t\t\t<div class=\"brm-item-name\">Marinara<\/div>\n\t\t\t\t<div class=\"brm-item-price\">&euro;12.50<\/div>\n\t\t\t\t<div class=\"brm-item-description\">Meeresfr\u00fcchte<br \/>\n(a,c,n,i,b)<\/div>\n\t\t\t<\/div>\n\t\t<\/div>\n\t\t\t\t<div class=\"brm-item brm-item-17\">\n\t\t\t\t\t\t<div class=\"brm-item-details\">\n\t\t\t\t<div class=\"brm-item-name\">Scampi, Oliven\u00f6l &amp; Knoblauch<\/div>\n\t\t\t\t<div class=\"brm-item-price\">&euro;12.50<\/div>\n\t\t\t\t<div class=\"brm-item-description\">(a,c,b)<\/div>\n\t\t\t<\/div>\n\t\t<\/div>\n\t\t\t<\/div>\n\t<\/div><div class=\"brm-menu-section nested-child\">\t\t<div class=\"brm-heading brm-group-5 subgroup\" style=\"display: block;\">\n\t\t\t\t\t\t\t<h2>\u00dcberbackene Nudeln<\/h2>\n\t\t\t\t\t\t\t\t\t\t<div class=\"brm-heading-description\">mit Fleischso\u00dfe &amp; K\u00e4se<\/div>\n\t\t\t\t\t<\/div>\n\t\t<div class=\"brm-items subgroup\">\n\t\t\t<div class=\"brm-item brm-item-20\">\n\t\t\t\t\t\t<div class=\"brm-item-details\">\n\t\t\t\t<div class=\"brm-item-name\">Penne<\/div>\n\t\t\t\t<div class=\"brm-item-price\">&euro;11.50<\/div>\n\t\t\t\t<div class=\"brm-item-description\">(a,g,c,i)<\/div>\n\t\t\t<\/div>\n\t\t<\/div>\n\t\t\t\t<div class=\"brm-item brm-item-21\">\n\t\t\t\t\t\t<div class=\"brm-item-details\">\n\t\t\t\t<div class=\"brm-item-name\">Tortellini<\/div>\n\t\t\t\t<div class=\"brm-item-price\">&euro;11.50<\/div>\n\t\t\t\t<div class=\"brm-item-description\">(a,g,c,i)<\/div>\n\t\t\t<\/div>\n\t\t<\/div>\n\t\t\t\t<div class=\"brm-item brm-item-19\">\n\t\t\t\t\t\t<div class=\"brm-item-details\">\n\t\t\t\t<div class=\"brm-item-name\">Combinazione<\/div>\n\t\t\t\t<div class=\"brm-item-price\">&euro;12.50<\/div>\n\t\t\t\t<div class=\"brm-item-description\">verschiedene Nudelsorten<br \/>\n(a,g,c,i)<\/div>\n\t\t\t<\/div>\n\t\t<\/div>\n\t\t\t<\/div>\n\t<\/div><div class=\"brm-menu-section nested-child\">\t\t<div class=\"brm-heading brm-group-9 subgroup\" style=\"display: block;\">\n\t\t\t\t\t\t\t<h2>Fleisch<\/h2>\n\t\t\t\t\t\t\t\t<\/div>\n\t<\/div><div class=\"brm-menu-section nested-child\">\t\t<div class=\"brm-heading brm-group-7 subgroup\" style=\"display: block;\">\n\t\t\t\t\t\t\t<h2>vom Schwein oder Pute (paniert)<\/h2>\n\t\t\t\t\t\t\t\t\t\t<div class=\"brm-heading-description\">mit Pommes oder Kroketten + Salat<\/div>\n\t\t\t\t\t<\/div>\n\t\t<div class=\"brm-items subgroup\">\n\t\t\t<div class=\"brm-item brm-item-51\">\n\t\t\t\t\t\t<div class=\"brm-item-details\">\n\t\t\t\t<div class=\"brm-item-name\">Schnitzel paniert &quot;Wiener Art&quot;<\/div>\n\t\t\t\t<div class=\"brm-item-price\">&euro;14.50<\/div>\n\t\t\t\t<div class=\"brm-item-description\">(a,c)<\/div>\n\t\t\t<\/div>\n\t\t<\/div>\n\t\t\t\t<div class=\"brm-item brm-item-52\">\n\t\t\t\t\t\t<div class=\"brm-item-details\">\n\t\t\t\t<div class=\"brm-item-name\">Schnitzel paniert mit Rahmso\u00dfe<\/div>\n\t\t\t\t<div class=\"brm-item-price\">&euro;16.00<\/div>\n\t\t\t\t<div class=\"brm-item-description\">(a,g,c,1,2)<\/div>\n\t\t\t<\/div>\n\t\t<\/div>\n\t\t\t\t<div class=\"brm-item brm-item-53\">\n\t\t\t\t\t\t<div class=\"brm-item-details\">\n\t\t\t\t<div class=\"brm-item-name\">Schnitzel paniert mit Zwiebeln<\/div>\n\t\t\t\t<div class=\"brm-item-price\">&euro;16.00<\/div>\n\t\t\t\t<div class=\"brm-item-description\">(a,c)<\/div>\n\t\t\t<\/div>\n\t\t<\/div>\n\t\t\t\t<div class=\"brm-item brm-item-54\">\n\t\t\t\t\t\t<div class=\"brm-item-details\">\n\t\t\t\t<div class=\"brm-item-name\">Schnitzel paniert mit Pfefferrahmso\u00dfe<\/div>\n\t\t\t\t<div class=\"brm-item-price\">&euro;16.00<\/div>\n\t\t\t\t<div class=\"brm-item-description\">scharf<br \/>\n(a,g,c,1)<\/div>\n\t\t\t<\/div>\n\t\t<\/div>\n\t\t\t\t<div class=\"brm-item brm-item-55\">\n\t\t\t\t\t\t<div class=\"brm-item-details\">\n\t\t\t\t<div class=\"brm-item-name\">Schnitzel paniert mit Gorgonzolaso\u00dfe<\/div>\n\t\t\t\t<div class=\"brm-item-price\">&euro;16.00<\/div>\n\t\t\t\t<div class=\"brm-item-description\">(a,g,c)<\/div>\n\t\t\t<\/div>\n\t\t<\/div>\n\t\t\t\t<div class=\"brm-item brm-item-56\">\n\t\t\t\t\t\t<div class=\"brm-item-details\">\n\t\t\t\t<div class=\"brm-item-name\">Schnitzel Parmigiani<\/div>\n\t\t\t\t<div class=\"brm-item-price\">&euro;16.00<\/div>\n\t\t\t\t<div class=\"brm-item-description\">mit Schinken &amp; K\u00e4se \u00fcberbacken<br \/>\n(a,g,c,1,2,3,5)<\/div>\n\t\t\t<\/div>\n\t\t<\/div>\n\t\t\t\t<div class=\"brm-item brm-item-57\">\n\t\t\t\t\t\t<div class=\"brm-item-details\">\n\t\t\t\t<div class=\"brm-item-name\">Schnitzel Bolognese<\/div>\n\t\t\t\t<div class=\"brm-item-price\">&euro;16.00<\/div>\n\t\t\t\t<div class=\"brm-item-description\">mit Hackfleischso\u00dfe &amp; K\u00e4se \u00fcberbacken<br \/>\n(a,g,c,i)<\/div>\n\t\t\t<\/div>\n\t\t<\/div>\n\t\t\t\t<div class=\"brm-item brm-item-58\">\n\t\t\t\t\t\t<div class=\"brm-item-details\">\n\t\t\t\t<div class=\"brm-item-name\">J\u00e4gerschnitzel<\/div>\n\t\t\t\t<div class=\"brm-item-price\">&euro;16.00<\/div>\n\t\t\t\t<div class=\"brm-item-description\">(a,g,c,1,2)<\/div>\n\t\t\t<\/div>\n\t\t<\/div>\n\t\t\t<\/div>\n\t<\/div><div class=\"brm-menu-section nested-child\">\t\t<div class=\"brm-heading brm-group-8 subgroup\" style=\"display: block;\">\n\t\t\t\t\t\t\t<h2>Gegrilltes vom Schwein oder Pute (natur)<\/h2>\n\t\t\t\t\t\t\t\t\t\t<div class=\"brm-heading-description\">mit Pommes oder Kroketten + Salat<\/div>\n\t\t\t\t\t<\/div>\n\t\t<div class=\"brm-items subgroup\">\n\t\t\t<div class=\"brm-item brm-item-59\">\n\t\t\t\t\t\t<div class=\"brm-item-details\">\n\t\t\t\t<div class=\"brm-item-name\">mit Champignons<\/div>\n\t\t\t\t<div class=\"brm-item-price\">&euro;16.00<\/div>\n\t\t\t\t<div class=\"brm-item-description\">(g,1,2)<\/div>\n\t\t\t<\/div>\n\t\t<\/div>\n\t\t\t\t<div class=\"brm-item brm-item-60\">\n\t\t\t\t\t\t<div class=\"brm-item-details\">\n\t\t\t\t<div class=\"brm-item-name\">mit Pfefferrahmso\u00dfe<\/div>\n\t\t\t\t<div class=\"brm-item-price\">&euro;16.00<\/div>\n\t\t\t\t<div class=\"brm-item-description\">scharf<br \/>\n(g,i,1,2)<\/div>\n\t\t\t<\/div>\n\t\t<\/div>\n\t\t\t\t<div class=\"brm-item brm-item-61\">\n\t\t\t\t\t\t<div class=\"brm-item-details\">\n\t\t\t\t<div class=\"brm-item-name\">mit Gorgonzolaso\u00dfe<\/div>\n\t\t\t\t<div class=\"brm-item-price\">&euro;16.00<\/div>\n\t\t\t\t<div class=\"brm-item-description\">(g)<\/div>\n\t\t\t<\/div>\n\t\t<\/div>\n\t\t\t\t<div class=\"brm-item brm-item-62\">\n\t\t\t\t\t\t<div class=\"brm-item-details\">\n\t\t\t\t<div class=\"brm-item-name\">Caprese<\/div>\n\t\t\t\t<div class=\"brm-item-price\">&euro;16.00<\/div>\n\t\t\t\t<div class=\"brm-item-description\">mit Tomaten &amp; Mozzarella \u00fcberbacken<br \/>\n(g,l)<\/div>\n\t\t\t<\/div>\n\t\t<\/div>\n\t\t\t<\/div>\n\t<\/div><div class=\"brm-menu-section nested-child\">\t\t<div class=\"brm-heading brm-group-10 subgroup\" style=\"display: block;\">\n\t\t\t\t\t\t\t<h2>Gegrillte Schweinelende<\/h2>\n\t\t\t\t\t\t\t\t\t\t<div class=\"brm-heading-description\">mit Pommes oder Kroketten + Salat<\/div>\n\t\t\t\t\t<\/div>\n\t\t<div class=\"brm-items subgroup\">\n\t\t\t<div class=\"brm-item brm-item-63\">\n\t\t\t\t\t\t<div class=\"brm-item-details\">\n\t\t\t\t<div class=\"brm-item-name\">mit Champignons<\/div>\n\t\t\t\t<div class=\"brm-item-price\">&euro;17.50<\/div>\n\t\t\t\t<div class=\"brm-item-description\">(g,1,2)<\/div>\n\t\t\t<\/div>\n\t\t<\/div>\n\t\t\t\t<div class=\"brm-item brm-item-64\">\n\t\t\t\t\t\t<div class=\"brm-item-details\">\n\t\t\t\t<div class=\"brm-item-name\">mit Pfefferrahmso\u00dfe<\/div>\n\t\t\t\t<div class=\"brm-item-price\">&euro;17.50<\/div>\n\t\t\t\t<div class=\"brm-item-description\">scharf<br \/>\n(g,i,1,2)<\/div>\n\t\t\t<\/div>\n\t\t<\/div>\n\t\t\t\t<div class=\"brm-item brm-item-65\">\n\t\t\t\t\t\t<div class=\"brm-item-details\">\n\t\t\t\t<div class=\"brm-item-name\">mit Gorgonzolaso\u00dfe<\/div>\n\t\t\t\t<div class=\"brm-item-price\">&euro;17.50<\/div>\n\t\t\t\t<div class=\"brm-item-description\">(g)<\/div>\n\t\t\t<\/div>\n\t\t<\/div>\n\t\t\t\t<div class=\"brm-item brm-item-66\">\n\t\t\t\t\t\t<div class=\"brm-item-details\">\n\t\t\t\t<div class=\"brm-item-name\">Caprese<\/div>\n\t\t\t\t<div class=\"brm-item-price\">&euro;17.50<\/div>\n\t\t\t\t<div class=\"brm-item-description\">mit Tomaten &amp; Mozzarella \u00fcberbacken<br \/>\n(g,i)<\/div>\n\t\t\t<\/div>\n\t\t<\/div>\n\t\t\t<\/div>\n\t<\/div><div class=\"brm-menu-section nested-child\">\t\t<div class=\"brm-heading brm-group-12 subgroup\" style=\"display: block;\">\n\t\t\t\t\t\t\t<h2>Allergene<\/h2>\n\t\t\t\t\t\t\t\t\t\t<div class=\"brm-heading-description\">a = enth\u00e4lt Weizen<br \/>\nb = enth\u00e4lt Krebstiere<br \/>\nc = enth\u00e4lt Eier<br \/>\nd = enth\u00e4lt Fische<br \/>\ne  =enth\u00e4lt Erdn\u00fcsse<br \/>\nf = enth\u00e4lt Sojabohnen<br \/>\ng = enth\u00e4lt Milch<br \/>\nh = enth\u00e4lt Schalenfr\u00fcchte<br \/>\ni = enth\u00e4lt Sellerie<br \/>\nj = enth\u00e4lt Senf<br \/>\nk = enth\u00e4lt Sesamsamen<br \/>\nl = enth\u00e4lt Schwefeldioxid und Sulfite<br \/>\nm = enth\u00e4lt Lupinen<br \/>\nn = enth\u00e4lt Weichtiere<\/div>\n\t\t\t\t\t<\/div>\n\t<\/div><div class=\"brm-menu-section nested-child\">\t\t<div class=\"brm-heading brm-group-13 subgroup\" style=\"display: block;\">\n\t\t\t\t\t\t\t<h2>Zusatzstoffe<\/h2>\n\t\t\t\t\t\t\t\t\t\t<div class=\"brm-heading-description\">1 = mit Konservierungsstoffe<br \/>\n2 = mit Geschmacksverst\u00e4rker<br \/>\n3 = mit Antioxidationsmittel<br \/>\n4 = mit Farbstoff<br \/>\n5 = mit Phosphat<br \/>\n6 = mit S\u00fcssungsmittel<br \/>\n7 = Koffeinhaltig<br \/>\n8 = Chininhaltig<br \/>\n9 = Geschw\u00e4rzt<br \/>\n10 = enth\u00e4lt Phenylalaninquelle<br \/>\n11 = Sulfite<\/div>\n\t\t\t\t\t<\/div>\n\t<\/div><\/div>\n<\/div>\n<div class=\"pl-developer\"><span>Best Restaurant Menu Plugin by <\/span><a href=\"https:\/\/www.pricelisto.com\/plugins\">PriceListo<\/a><\/div>\n","protected":false},"excerpt":{"rendered":"","protected":false},"author":1,"featured_media":0,"parent":0,"menu_order":0,"comment_status":"closed","ping_status":"closed","template":"","meta":{"_acf_changed":false,"footnotes":""},"class_list":["post-9538","page","type-page","status-publish","hentry"],"acf":[],"publishpress_future_action":{"enabled":false,"date":"2026-05-08 16:36:26","action":"change-status","newStatus":"draft","terms":[],"taxonomy":"","extraData":[]},"publishpress_future_workflow_manual_trigger":{"enabledWorkflows":[]},"_links":{"self":[{"href":"https:\/\/tg-schierstein.de\/index.php?rest_route=\/wp\/v2\/pages\/9538","targetHints":{"allow":["GET"]}}],"collection":[{"href":"https:\/\/tg-schierstein.de\/index.php?rest_route=\/wp\/v2\/pages"}],"about":[{"href":"https:\/\/tg-schierstein.de\/index.php?rest_route=\/wp\/v2\/types\/page"}],"author":[{"embeddable":true,"href":"https:\/\/tg-schierstein.de\/index.php?rest_route=\/wp\/v2\/users\/1"}],"replies":[{"embeddable":true,"href":"https:\/\/tg-schierstein.de\/index.php?rest_route=%2Fwp%2Fv2%2Fcomments&post=9538"}],"version-history":[{"count":18,"href":"https:\/\/tg-schierstein.de\/index.php?rest_route=\/wp\/v2\/pages\/9538\/revisions"}],"predecessor-version":[{"id":10536,"href":"https:\/\/tg-schierstein.de\/index.php?rest_route=\/wp\/v2\/pages\/9538\/revisions\/10536"}],"wp:attachment":[{"href":"https:\/\/tg-schierstein.de\/index.php?rest_route=%2Fwp%2Fv2%2Fmedia&parent=9538"}],"curies":[{"name":"wp","href":"https:\/\/api.w.org\/{rel}","templated":true}]}}