{"id":4107,"date":"2023-01-05T16:22:24","date_gmt":"2023-01-05T15:22:24","guid":{"rendered":"https:\/\/test.tg-schierstein.de\/?page_id=4107"},"modified":"2023-05-03T16:07:50","modified_gmt":"2023-05-03T14:07:50","slug":"die-tg-app","status":"publish","type":"page","link":"https:\/\/tg-schierstein.de\/?page_id=4107","title":{"rendered":"TG-App"},"content":{"rendered":"\n<style type=\"text\/css\" data-created_by=\"avia_inline_auto\" id=\"style-css-av-246viq-43d589020c18fe672e344db86bdf75c0\">\n.flex_column.av-246viq-43d589020c18fe672e344db86bdf75c0{\nborder-radius:0px 0px 0px 0px;\npadding:0px 0px 0px 0px;\n}\n<\/style>\n<div  class='flex_column av-246viq-43d589020c18fe672e344db86bdf75c0 av_one_half  avia-builder-el-0  el_before_av_one_third  avia-builder-el-first  first flex_column_div av-zero-column-padding  '     ><p>\n<style type=\"text\/css\" data-created_by=\"avia_inline_auto\" id=\"style-css-av-lcj8lc8g-b96016624b75c067c2750a1e22a2fdba\">\n#top .av-special-heading.av-lcj8lc8g-b96016624b75c067c2750a1e22a2fdba{\npadding-bottom:10px;\n}\nbody .av-special-heading.av-lcj8lc8g-b96016624b75c067c2750a1e22a2fdba .av-special-heading-tag .heading-char{\nfont-size:25px;\n}\n.av-special-heading.av-lcj8lc8g-b96016624b75c067c2750a1e22a2fdba .av-subheading{\nfont-size:15px;\n}\n<\/style>\n<div  class='av-special-heading av-lcj8lc8g-b96016624b75c067c2750a1e22a2fdba av-special-heading-h3  avia-builder-el-1  el_before_av_textblock  avia-builder-el-first '><h3 class='av-special-heading-tag '  itemprop=\"headline\"  >Unsere kostenlose TG-App<\/h3><div class=\"special-heading-border\"><div class=\"special-heading-inner-border\"><\/div><\/div><\/div><br \/>\n<section  class='av_textblock_section av-kpc9c4rw-5953b614c51b9af38b0cc303b0048dfa '   itemscope=\"itemscope\" itemtype=\"https:\/\/schema.org\/CreativeWork\" ><div class='avia_textblock'  itemprop=\"text\" ><p><iframe style=\"height: 650px; width: 100%;\" src=\"https:\/\/appack.de\/portal\/advertise\/embed-frame-v2\/TG-Schierstein\"><\/iframe><\/p>\n<\/div><\/section><br \/>\n\n<style type=\"text\/css\" data-created_by=\"avia_inline_auto\" id=\"style-css-av-lcj8jtva-5690cf5aceaedcdc40872af1db96cf3b\">\n#top .av-special-heading.av-lcj8jtva-5690cf5aceaedcdc40872af1db96cf3b{\npadding-bottom:10px;\n}\nbody .av-special-heading.av-lcj8jtva-5690cf5aceaedcdc40872af1db96cf3b .av-special-heading-tag .heading-char{\nfont-size:25px;\n}\n.av-special-heading.av-lcj8jtva-5690cf5aceaedcdc40872af1db96cf3b .av-subheading{\nfont-size:15px;\n}\n<\/style>\n<div  class='av-special-heading av-lcj8jtva-5690cf5aceaedcdc40872af1db96cf3b av-special-heading-h4  avia-builder-el-3  el_after_av_textblock  el_before_av_textblock '><h4 class='av-special-heading-tag '  itemprop=\"headline\"  >Die TG-App<\/h4><div class=\"special-heading-border\"><div class=\"special-heading-inner-border\"><\/div><\/div><\/div><br \/>\n<section  class='av_textblock_section av-6jzo7v-38fb3accb904810dc4023d978fc6d63f '   itemscope=\"itemscope\" itemtype=\"https:\/\/schema.org\/CreativeWork\" ><div class='avia_textblock'  itemprop=\"text\" ><p>Die TG Schierstein ist nun einer der wenigen Sportvereine in Wiesbaden, mit einer vereinseigenen App. Wir freuen uns, dass wir unsere Mitglieder und Fans mit der TG-App nun noch moderner und aktueller \u00fcber unseren Verein informieren k\u00f6nnen und damit einen weiteren Schritt in die Zukunft gehen.<\/p>\n<p>Die App bietet verschiedene Funktionen wie zum Beispiel &#8222;Push-Benachrichtigungen&#8220;, mit denen die Nutzer gezielt, interessengerecht und zeitgem\u00e4\u00df auf dem laufenden gehalten werden. Desweiteren gibt es eine Kalenderfunktion, man beh\u00e4lt den \u00dcberblick \u00fcber alle Termine des Vereins.<\/p>\n<p>Die App wird nach und nach mit weiteren zus\u00e4tzlichen Modulen, Informationen und Funktionen weiterentwickelt.<\/p>\n<p>Ab sofort kann von jedermann die App aus dem Apple App-Store oder Google Play-Store heruntergeladen werden.<\/p>\n<p>Viel Spa\u00df damit !<\/p>\n<\/div><\/section><\/p><\/div>\n\n<style type=\"text\/css\" data-created_by=\"avia_inline_auto\" id=\"style-css-av-6hnft7-b7c47e9466ac5bcdba3f942d37c4c099\">\n.flex_column.av-6hnft7-b7c47e9466ac5bcdba3f942d37c4c099{\nborder-radius:0px 0px 0px 0px;\npadding:0px 0px 0px 0px;\n}\n<\/style>\n<div  class='flex_column av-6hnft7-b7c47e9466ac5bcdba3f942d37c4c099 av_one_third  avia-builder-el-5  el_after_av_one_half  avia-builder-el-last  flex_column_div av-zero-column-padding  '     ><p>\n<style type=\"text\/css\" data-created_by=\"avia_inline_auto\" id=\"style-css-av-4ybmkb-b86e879864cd0831185e0a335ed1e042\">\n#top .av-special-heading.av-4ybmkb-b86e879864cd0831185e0a335ed1e042{\npadding-bottom:10px;\n}\nbody .av-special-heading.av-4ybmkb-b86e879864cd0831185e0a335ed1e042 .av-special-heading-tag .heading-char{\nfont-size:25px;\n}\n.av-special-heading.av-4ybmkb-b86e879864cd0831185e0a335ed1e042 .av-subheading{\nfont-size:15px;\n}\n<\/style>\n<div  class='av-special-heading av-4ybmkb-b86e879864cd0831185e0a335ed1e042 av-special-heading-h4  avia-builder-el-6  el_before_av_textblock  avia-builder-el-first '><h4 class='av-special-heading-tag '  itemprop=\"headline\"  >Ansprechpartner<\/h4><div class=\"special-heading-border\"><div class=\"special-heading-inner-border\"><\/div><\/div><\/div><br \/>\n<section  class='av_textblock_section av-1xzt1n-1fded169aa07ea8b4b34d856692ed285 '   itemscope=\"itemscope\" itemtype=\"https:\/\/schema.org\/CreativeWork\" ><div class='avia_textblock'  itemprop=\"text\" ><h3><img loading=\"lazy\" decoding=\"async\" class=\"alignnone size-thumbnail wp-image-1212\" src=\"..\/wp-content\/uploads\/2021\/05\/TGS_Wappen_Strich-2_klein-80x80.png\" alt=\"\" width=\"80\" height=\"80\" srcset=\"https:\/\/tg-schierstein.de\/wp-content\/uploads\/2021\/05\/TGS_Wappen_Strich-2_klein-80x80.png 80w, https:\/\/tg-schierstein.de\/wp-content\/uploads\/2021\/05\/TGS_Wappen_Strich-2_klein-36x36.png 36w, https:\/\/tg-schierstein.de\/wp-content\/uploads\/2021\/05\/TGS_Wappen_Strich-2_klein-180x180.png 180w, https:\/\/tg-schierstein.de\/wp-content\/uploads\/2021\/05\/TGS_Wappen_Strich-2_klein.png 250w\" sizes=\"auto, (max-width: 80px) 100vw, 80px\" \/><\/h3>\n<p><strong>Marcus M\u00fchling<br \/>\n<\/strong>TG-Webmaster<\/p>\n<\/div><\/section><br \/>\n\n<style type=\"text\/css\" data-created_by=\"avia_inline_auto\" id=\"style-css-av-lh237x6x-6fb99f1e95d4079e88ab9148382370c3\">\n#top .av-special-heading.av-lh237x6x-6fb99f1e95d4079e88ab9148382370c3{\npadding-bottom:10px;\n}\nbody .av-special-heading.av-lh237x6x-6fb99f1e95d4079e88ab9148382370c3 .av-special-heading-tag .heading-char{\nfont-size:25px;\n}\n.av-special-heading.av-lh237x6x-6fb99f1e95d4079e88ab9148382370c3 .av-subheading{\nfont-size:15px;\n}\n<\/style>\n<div  class='av-special-heading av-lh237x6x-6fb99f1e95d4079e88ab9148382370c3 av-special-heading-h4  avia-builder-el-8  el_after_av_textblock  el_before_av_contact '><h4 class='av-special-heading-tag '  itemprop=\"headline\"  >Kontaktformular<\/h4><div class=\"special-heading-border\"><div class=\"special-heading-inner-border\"><\/div><\/div><\/div><br \/>\n<form action=\"https:\/\/tg-schierstein.de\/?page_id=4107\" method=\"post\" data-fields-with-error=\"Fehler wurden in folgenden Feld(ern) gefunden:\" class=\"avia_ajax_form av-form-labels-visible   avia-builder-el-9  el_after_av_heading  avia-builder-el-last   \" data-avia-form-id=\"1\" data-avia-redirect='' ><fieldset><p class='  first_form  form_element form_element_half' id='element_avia_1_1'><label for=\"avia_1_1\">Anfragegrund <abbr class=\"required\" title=\"ben\u00f6tigt\">*<\/abbr><\/label><select  name=\"avia_1_1\" class=\"select is_empty\" id=\"avia_1_1\"><option  selected=\"selected\" value=''><\/option><option   value='Allgemeine Anfrage'>Allgemeine Anfrage<\/option><option   value='Mitgliedschaft'>Mitgliedschaft<\/option><option   value='Vorstand'>Vorstand<\/option><option   value='Internetseite \/ App'>Internetseite \/ App<\/option><option   value='Anregung \/ Lob \/ Kritik'>Anregung \/ Lob \/ Kritik<\/option><\/select><\/p><p class='  form_element form_element_half' id='element_avia_2_1'><label for=\"avia_2_1\">Abteilung <abbr class=\"required\" title=\"ben\u00f6tigt\">*<\/abbr><\/label><select  name=\"avia_2_1\" class=\"select is_empty\" id=\"avia_2_1\"><option  selected=\"selected\" value=''><\/option><option   value='Babys in Bewegung'>Babys in Bewegung<\/option><option   value='Boule'>Boule<\/option><option   value='Eltern-Kind-Turnen'>Eltern-Kind-Turnen<\/option><option   value='Fitness'>Fitness<\/option><option   value='Gardetanz'>Gardetanz<\/option><option   value='Gesundheitssport'>Gesundheitssport<\/option><option   value='Gymnastik'>Gymnastik<\/option><option   value='Handball'>Handball<\/option><option   value='Jugendausschuss'>Jugendausschuss<\/option><option   value='Leichtathletik'>Leichtathletik<\/option><option   value='Taekwondo'>Taekwondo<\/option><option   value='Tanzen'>Tanzen<\/option><option   value='Tennis'>Tennis<\/option><option   value='Turnen'>Turnen<\/option><option   value='Unterhaltungsriege'>Unterhaltungsriege<\/option><option   value='Veranstaltungen'>Veranstaltungen<\/option><option   value='Volleyball'>Volleyball<\/option><option   value='keiner dieser Bereiche'>keiner dieser Bereiche<\/option><\/select><\/p><p class='  first_form  form_element form_fullwidth' id='element_avia_3_1'><label for=\"avia_3_1\">Name <abbr class=\"required\" title=\"ben\u00f6tigt\">*<\/abbr><\/label> <input name=\"avia_3_1\" class=\"text_input is_empty\" type=\"text\" id=\"avia_3_1\" value=\"\" \/><\/p><p class='  first_form  form_element form_element_half' id='element_avia_4_1'><label for=\"avia_4_1\">E-Mail <abbr class=\"required\" title=\"ben\u00f6tigt\">*<\/abbr><\/label> <input name=\"avia_4_1\" class=\"text_input is_email\" type=\"text\" id=\"avia_4_1\" value=\"\" \/><\/p><p class='  form_element form_element_half' id='element_avia_5_1'><label for=\"avia_5_1\">Telefon<\/label> <input name=\"avia_5_1\" class=\"text_input \" type=\"text\" id=\"avia_5_1\" value=\"\" \/><\/p><p class='  first_form  form_element form_fullwidth' id='element_avia_6_1'><label for=\"avia_6_1\">Stra\u00dfe \/ Hausnummer<\/label> <input name=\"avia_6_1\" class=\"text_input \" type=\"text\" id=\"avia_6_1\" value=\"\" \/><\/p><p class='  first_form  form_element form_element_fourth' id='element_avia_7_1'><label for=\"avia_7_1\">PLZ<\/label> <input name=\"avia_7_1\" class=\"text_input \" type=\"text\" id=\"avia_7_1\" value=\"\" \/><\/p><p class='  form_element form_element_three_fourth' id='element_avia_8_1'><label for=\"avia_8_1\">Wohnort<\/label> <input name=\"avia_8_1\" class=\"text_input \" type=\"text\" id=\"avia_8_1\" value=\"\" \/><\/p><p class='  first_form  form_element form_fullwidth' id='element_avia_9_1'><label for=\"avia_9_1\" class=\"textare_label hidden textare_label_avia_9_1\">Nachricht <abbr class=\"required\" title=\"ben\u00f6tigt\">*<\/abbr><\/label><textarea  name=\"avia_9_1\" class=\"text_area is_empty\" cols=\"40\" rows=\"7\" id=\"avia_9_1\" ><\/textarea><\/p><p class='  first_form  form_element form_fullwidth' id='element_avia_10_1'><label for=\"avia_10_1\">R\u00fcckantwort ? <abbr class=\"required\" title=\"ben\u00f6tigt\">*<\/abbr><\/label><select  name=\"avia_10_1\" class=\"select is_empty\" id=\"avia_10_1\"><option  selected=\"selected\" value=''><\/option><option   value='ja&#44; bitte'>ja&#44; bitte<\/option><option   value='nein'>nein<\/option><\/select><\/p><p class=\"hidden\"><input type=\"text\" name=\"avia_11_1\" class=\"hidden \" id=\"avia_11_1\" value=\"\" \/><\/p><p class='   form_element form_fullwidth' id='element_avia_12_1'><span class='value_verifier_label'>1 + 7 = ?<\/span><input name=\"avia_12_1_verifier\" type=\"hidden\" id=\"avia_12_1_verifier\" value=\"715284764\"\/><label for=\"avia_12_1\">Bitte l\u00f6se die Gleichung. Diese Ma\u00dfnahme dient der Abwehr von Spam <abbr class=\"required\" title=\"ben\u00f6tigt\">*<\/abbr><\/label><input name=\"avia_12_1\" class=\"text_input captcha\" type=\"text\" id=\"avia_12_1\" value=\"\"\/><\/p><p class=\"form_element \"><input type=\"hidden\" value=\"1\" name=\"avia_generated_form1\" \/><input type=\"submit\" value=\"Senden\" class=\"button\"  data-sending-label=\"Sende\"\/><\/p><\/fieldset><\/form><div id=\"ajaxresponse_1\" class=\"ajaxresponse ajaxresponse_1 hidden\"><\/div><\/p><\/div>\n","protected":false},"excerpt":{"rendered":"","protected":false},"author":1,"featured_media":0,"parent":1595,"menu_order":1,"comment_status":"closed","ping_status":"closed","template":"","meta":{"_acf_changed":false,"footnotes":""},"class_list":["post-4107","page","type-page","status-publish","hentry"],"acf":[],"publishpress_future_action":{"enabled":false,"date":"2026-05-06 18:21:35","action":"change-status","newStatus":"draft","terms":[],"taxonomy":"","extraData":[]},"publishpress_future_workflow_manual_trigger":{"enabledWorkflows":[]},"_links":{"self":[{"href":"https:\/\/tg-schierstein.de\/index.php?rest_route=\/wp\/v2\/pages\/4107","targetHints":{"allow":["GET"]}}],"collection":[{"href":"https:\/\/tg-schierstein.de\/index.php?rest_route=\/wp\/v2\/pages"}],"about":[{"href":"https:\/\/tg-schierstein.de\/index.php?rest_route=\/wp\/v2\/types\/page"}],"author":[{"embeddable":true,"href":"https:\/\/tg-schierstein.de\/index.php?rest_route=\/wp\/v2\/users\/1"}],"replies":[{"embeddable":true,"href":"https:\/\/tg-schierstein.de\/index.php?rest_route=%2Fwp%2Fv2%2Fcomments&post=4107"}],"version-history":[{"count":0,"href":"https:\/\/tg-schierstein.de\/index.php?rest_route=\/wp\/v2\/pages\/4107\/revisions"}],"up":[{"embeddable":true,"href":"https:\/\/tg-schierstein.de\/index.php?rest_route=\/wp\/v2\/pages\/1595"}],"wp:attachment":[{"href":"https:\/\/tg-schierstein.de\/index.php?rest_route=%2Fwp%2Fv2%2Fmedia&parent=4107"}],"curies":[{"name":"wp","href":"https:\/\/api.w.org\/{rel}","templated":true}]}}