{"id":2673,"date":"2022-11-30T16:32:53","date_gmt":"2022-11-30T15:32:53","guid":{"rendered":"https:\/\/test.tg-schierstein.de\/?page_id=2673"},"modified":"2025-10-06T14:21:53","modified_gmt":"2025-10-06T12:21:53","slug":"volleyball","status":"publish","type":"page","link":"https:\/\/tg-schierstein.de\/?page_id=2673","title":{"rendered":"Volleyball"},"content":{"rendered":"\n<style type=\"text\/css\" data-created_by=\"avia_inline_auto\" id=\"style-css-av-ldrkw7-0b9b44cd63fddc7978cf361c560afe9f\">\n.flex_column.av-ldrkw7-0b9b44cd63fddc7978cf361c560afe9f{\nborder-radius:0px 0px 0px 0px;\npadding:0px 0px 0px 0px;\n}\n<\/style>\n<div  class='flex_column av-ldrkw7-0b9b44cd63fddc7978cf361c560afe9f av_one_half  avia-builder-el-0  el_before_av_one_fourth  avia-builder-el-first  first flex_column_div av-zero-column-padding  '     ><p>\n<style type=\"text\/css\" data-created_by=\"avia_inline_auto\" id=\"style-css-av-2kgno2-d7cf6bd8e02e77d6b7f6640a5ae1a489\">\n#top .av-special-heading.av-2kgno2-d7cf6bd8e02e77d6b7f6640a5ae1a489{\npadding-bottom:10px;\n}\nbody .av-special-heading.av-2kgno2-d7cf6bd8e02e77d6b7f6640a5ae1a489 .av-special-heading-tag .heading-char{\nfont-size:25px;\n}\n.av-special-heading.av-2kgno2-d7cf6bd8e02e77d6b7f6640a5ae1a489 .av-subheading{\nfont-size:15px;\n}\n<\/style>\n<div  class='av-special-heading av-2kgno2-d7cf6bd8e02e77d6b7f6640a5ae1a489 av-special-heading-h4  avia-builder-el-1  el_before_av_image  avia-builder-el-first '><h4 class='av-special-heading-tag '  itemprop=\"headline\"  >Die Abteilung stellt sich vor<\/h4><div class=\"special-heading-border\"><div class=\"special-heading-inner-border\"><\/div><\/div><\/div><br \/>\n\n<style type=\"text\/css\" data-created_by=\"avia_inline_auto\" id=\"style-css-av-lc86wf8q-cf66896b0bf0db4ef7f21b8a337c93fa\">\n.avia-image-container.av-lc86wf8q-cf66896b0bf0db4ef7f21b8a337c93fa img.avia_image{\nbox-shadow:none;\n}\n.avia-image-container.av-lc86wf8q-cf66896b0bf0db4ef7f21b8a337c93fa .av-image-caption-overlay-center{\ncolor:#ffffff;\n}\n<\/style>\n<div  class='avia-image-container av-lc86wf8q-cf66896b0bf0db4ef7f21b8a337c93fa av-styling- avia-align-center  avia-builder-el-2  el_after_av_heading  el_before_av_textblock  av-has-copyright av-copyright-icon-reveal'   itemprop=\"image\" itemscope=\"itemscope\" itemtype=\"https:\/\/schema.org\/ImageObject\" ><div class=\"avia-image-container-inner\"><div class=\"avia-image-overlay-wrap\"><img decoding=\"async\" fetchpriority=\"high\" class='wp-image-3099 avia-img-lazy-loading-not-3099 avia_image ' src=\"https:\/\/tg-schierstein.de\/wp-content\/uploads\/2022\/12\/Volleyball-1500x430.jpg\" alt='' title='Volleyball'  height=\"430\" width=\"1500\"  itemprop=\"thumbnailUrl\"  \/><\/div><small class=\"avia-copyright\">Symbolfoto @pixabay.com<span class='avia-svg-icon avia-font-svg_entypo-fontello' data-av_svg_icon='info' data-av_iconset='svg_entypo-fontello'><svg version=\"1.1\" xmlns=\"http:\/\/www.w3.org\/2000\/svg\" width=\"15\" height=\"32\" viewBox=\"0 0 15 32\" preserveAspectRatio=\"xMidYMid meet\" aria-labelledby='av-svg-title-1' aria-describedby='av-svg-desc-1' role=\"graphics-symbol\">\n<title id='av-svg-title-1'>Info<\/title>\n<desc id='av-svg-desc-1'>Info<\/desc>\n<path d=\"M11.264 0q1.536 0 2.368 0.864t0.832 2.208q0 1.6-1.248 2.816t-3.040 1.216q-1.536 0-2.368-0.832t-0.768-2.304q0-1.472 1.12-2.72t3.104-1.248zM4.672 32q-3.2 0-1.728-5.696l1.92-8.128q0.448-1.792 0-1.792-0.384 0-1.728 0.576t-2.304 1.216l-0.832-1.408q2.88-2.496 6.048-4.032t4.832-1.536q2.496 0 1.152 5.184l-2.24 8.512q-0.512 2.048 0.192 2.048 1.408 0 3.776-1.92l0.96 1.28q-2.688 2.752-5.6 4.224t-4.448 1.472z\"><\/path>\n<\/svg><\/span><\/small><\/div><\/div><br \/>\n<section  class='av_textblock_section av-l0xtryms-2cc68ffff8bba3147bc052cd3c18d312 '   itemscope=\"itemscope\" itemtype=\"https:\/\/schema.org\/CreativeWork\" ><div class='avia_textblock'  itemprop=\"text\" ><p><span class=\"text_normal\">Die Volleyballabteilung in der TG ist eine Hobbymannschaft, die gerne neue Mitglieder aufnimmt, um mit ihnen diese Techniken und Taktiken des Volleyballsports zu spielen. Wir sind eine gemischte Gruppe von Jung und Alt, die sich immer dienstags zu dieser gemeinsamen Freizeitaktivit\u00e4t trifft. Dabei stehen der Spa\u00df und die Begeisterung f\u00fcr das Spiel im Vordergrund.<\/span><\/p>\n<p>Alle sind herzlich willkommen, die ihre Kondition, Reaktion und Konzentration erhalten oder verbessern wollen und Freude an der Gemeinschaft mitbringen.<\/p>\n<p>Volleyball ist eine Ballsportart, die zu den R\u00fcckschlagspielen wie Faustball und Tennis geh\u00f6rt.\u00a0<span class=\"text_normal\">Auch hier ist ein Netz oder eine Leine, als Hindernis zwischen zwei Mannschaften, zu \u00fcberwinden. Das gemeinschaftliche Zusammenspiel und die Spieltaktik der einzelnen Mannschaftsmitglieder sind entscheidend f\u00fcr den gemeinsamen Erfolg.<\/span><\/p>\n<p><span class=\"text_normal\">Eine gute Reaktion, Schnelligkeit, Konzentrationsf\u00e4higkeit und Kondition sind das Ergebnis des Volleyball-Trainings.<\/span> <span class=\"text_normal\">Die Sportart wurde 1895 von einem Sportdirektor des CVJM in Amerika entwickelt. Er benutzte zun\u00e4chst eine Basketball-Blase, die \u00fcber ein 1,98 Meter hohes Netz gespielt wurde.<\/span><\/p>\n<p><span class=\"text_normal\">Nach dem ersten Weltkrieg gelangte das Volleyballspiel \u00fcber die Str\u00e4nde der Normandie und Gro\u00dfbritanniens nach Europa und verbreitete sich rasch in den europ\u00e4ischen L\u00e4ndern. 1947 wurde der Internationale Verband in Paris gegr\u00fcndet, seit 1955 existiert der Deutsche Volleyballverband.\u00a0<\/span><br \/>\n<span class=\"text_normal\"><br \/>\nWeltweit ist Volleyball eine der popul\u00e4rsten Ballsportarten neben Fu\u00dfball, \u00fcbertrifft jedoch mit 150 Millionen Volleyballsportlern weltweit die Mitgliederzahl der Fu\u00dfballvereine bei weitem. Volleyball organisiert sich in 218 nationalen Verb\u00e4nden (Fu\u00dfball-WM 2006: 197).<\/span> <span class=\"text_normal\">Viele Techniken und Taktiken, die den modernen Volleyball pr\u00e4gen, wurden von europ\u00e4ischen Mannschaften eingef\u00fchrt.<\/span><\/p>\n<\/div><\/section><\/p><\/div>\n\n<style type=\"text\/css\" data-created_by=\"avia_inline_auto\" id=\"style-css-av-1r04dz-c8e1b08faca97996bdaba4649fce16e1\">\n.flex_column.av-1r04dz-c8e1b08faca97996bdaba4649fce16e1{\nborder-radius:0px 0px 0px 0px;\npadding:0px 0px 0px 0px;\n}\n<\/style>\n<div  class='flex_column av-1r04dz-c8e1b08faca97996bdaba4649fce16e1 av_one_fourth  avia-builder-el-4  el_after_av_one_half  el_before_av_one_fourth  flex_column_div av-zero-column-padding  '     ><p>\n<style type=\"text\/css\" data-created_by=\"avia_inline_auto\" id=\"style-css-av-29azsi-26a0a9076a159c403fe29f0d744fe32e\">\n#top .av-special-heading.av-29azsi-26a0a9076a159c403fe29f0d744fe32e{\npadding-bottom:10px;\n}\nbody .av-special-heading.av-29azsi-26a0a9076a159c403fe29f0d744fe32e .av-special-heading-tag .heading-char{\nfont-size:25px;\n}\n.av-special-heading.av-29azsi-26a0a9076a159c403fe29f0d744fe32e .av-subheading{\nfont-size:15px;\n}\n<\/style>\n<div  class='av-special-heading av-29azsi-26a0a9076a159c403fe29f0d744fe32e av-special-heading-h4  avia-builder-el-5  el_before_av_iconlist  avia-builder-el-first '><h4 class='av-special-heading-tag '  itemprop=\"headline\"  >Zeiten<\/h4><div class=\"special-heading-border\"><div class=\"special-heading-inner-border\"><\/div><\/div><\/div><br \/>\n\n<style type=\"text\/css\" data-created_by=\"avia_inline_auto\" id=\"style-css-av-lc5236t1-661d550227e3afc94b4814dbf3631a56\">\n#top .avia-icon-list-container.av-lc5236t1-661d550227e3afc94b4814dbf3631a56 .iconlist_icon{\ncolor:#346fdb;\nbackground-color:#ffffff;\nborder:1px solid #ffffff;\n}\n#top .avia-icon-list-container.av-lc5236t1-661d550227e3afc94b4814dbf3631a56 .iconlist_icon svg:first-child{\nstroke:#346fdb;\nfill:#346fdb;\n}\n#top #wrap_all .avia-icon-list-container.av-lc5236t1-661d550227e3afc94b4814dbf3631a56 .av_iconlist_title{\ncolor:#346fdb;\n}\n<\/style>\n<div  class='avia-icon-list-container av-lc5236t1-661d550227e3afc94b4814dbf3631a56  avia-builder-el-6  el_after_av_heading  avia-builder-el-last '><ul class='avia-icon-list avia_animate_when_almost_visible avia-icon-list-left av-iconlist-small av-lc5236t1-661d550227e3afc94b4814dbf3631a56 avia-iconlist-animate'>\n<li><div class='iconlist_icon av-lc5235ku-a7b15e9f6beabc8b2def1d5c1632b321 avia-font-entypo-fontello avia-iconfont avia-font-entypo-fontello'><span class='av-icon-char' data-av_icon='\ue862' data-av_iconfont='entypo-fontello' aria-hidden=\"true\"><\/span><\/div><article class=\"article-icon-entry \"  itemscope=\"itemscope\" itemtype=\"https:\/\/schema.org\/CreativeWork\" ><div class=\"iconlist_content_wrap\"><header class=\"entry-content-header\" aria-label=\"Icon: Dienstag\"><div class='av_iconlist_title iconlist_title_small  av_inherit_color'  itemprop=\"headline\" >Dienstag<\/div><\/header><div class='iconlist_content '  itemprop=\"text\" ><p><strong>19:30-22:00 Uhr<br \/>\n<\/strong>Hobbygruppe mixed<\/p>\n<\/div><\/div><footer class=\"entry-footer\"><\/footer><\/article><div class=\"iconlist-timeline\"><\/div><\/li>\n<li><div class='iconlist_icon av-vclt-2d677001bf7bd682ef5b31d45512d290 avia-font-entypo-fontello avia-iconfont avia-font-entypo-fontello'><span class='av-icon-char' data-av_icon='\ue841' data-av_iconfont='entypo-fontello' aria-hidden=\"true\"><\/span><\/div><article class=\"article-icon-entry \"  itemscope=\"itemscope\" itemtype=\"https:\/\/schema.org\/CreativeWork\" ><div class=\"iconlist_content_wrap\"><header class=\"entry-content-header\" aria-label=\"Icon: Ort\"><div class='av_iconlist_title iconlist_title_small  av_inherit_color'  itemprop=\"headline\" >Ort<\/div><\/header><div class='iconlist_content '  itemprop=\"text\" ><p><strong>J.-v.-Eichendorff-Schule<\/strong><br \/>\nOtto-Reutter-Stra\u00dfe 5<br \/>\n65201 Wiesbaden<\/p>\n<\/div><\/div><footer class=\"entry-footer\"><\/footer><\/article><div class=\"iconlist-timeline\"><\/div><\/li>\n<\/ul><\/div><\/p><\/div>\n\n<style type=\"text\/css\" data-created_by=\"avia_inline_auto\" id=\"style-css-av-bvan8-2013b98c5cdbadffc7065dde1e6f3d44\">\n.flex_column.av-bvan8-2013b98c5cdbadffc7065dde1e6f3d44{\nborder-radius:0px 0px 0px 0px;\npadding:0px 0px 0px 0px;\n}\n<\/style>\n<div  class='flex_column av-bvan8-2013b98c5cdbadffc7065dde1e6f3d44 av_one_fourth  avia-builder-el-7  el_after_av_one_fourth  avia-builder-el-last  flex_column_div av-zero-column-padding  '     ><p>\n<style type=\"text\/css\" data-created_by=\"avia_inline_auto\" id=\"style-css-av-kpdssarn-55cae377db482e7e91bec9cfb2cc51fd\">\n#top .av-special-heading.av-kpdssarn-55cae377db482e7e91bec9cfb2cc51fd{\npadding-bottom:10px;\n}\nbody .av-special-heading.av-kpdssarn-55cae377db482e7e91bec9cfb2cc51fd .av-special-heading-tag .heading-char{\nfont-size:25px;\n}\n.av-special-heading.av-kpdssarn-55cae377db482e7e91bec9cfb2cc51fd .av-subheading{\nfont-size:15px;\n}\n<\/style>\n<div  class='av-special-heading av-kpdssarn-55cae377db482e7e91bec9cfb2cc51fd av-special-heading-h4  avia-builder-el-8  el_before_av_textblock  avia-builder-el-first '><h4 class='av-special-heading-tag '  itemprop=\"headline\"  >Kontakt<\/h4><div class=\"special-heading-border\"><div class=\"special-heading-inner-border\"><\/div><\/div><\/div><br \/>\n<section  class='av_textblock_section av-kok3ivv2-e61af85da821fd87ce547e5d287aa6bd '   itemscope=\"itemscope\" itemtype=\"https:\/\/schema.org\/CreativeWork\" ><div class='avia_textblock'  itemprop=\"text\" ><p><img loading=\"lazy\" decoding=\"async\" class=\"alignnone wp-image-1088 size-thumbnail\" src=\"https:\/\/tg-schierstein.de\/wp-content\/uploads\/2021\/05\/icon_volleyball_weiss_auf_rot_250px-80x80.png\" alt=\"\" width=\"80\" height=\"80\" srcset=\"https:\/\/tg-schierstein.de\/wp-content\/uploads\/2021\/05\/icon_volleyball_weiss_auf_rot_250px-80x80.png 80w, https:\/\/tg-schierstein.de\/wp-content\/uploads\/2021\/05\/icon_volleyball_weiss_auf_rot_250px-36x36.png 36w, https:\/\/tg-schierstein.de\/wp-content\/uploads\/2021\/05\/icon_volleyball_weiss_auf_rot_250px-180x180.png 180w, https:\/\/tg-schierstein.de\/wp-content\/uploads\/2021\/05\/icon_volleyball_weiss_auf_rot_250px.png 250w\" sizes=\"auto, (max-width: 80px) 100vw, 80px\" \/><\/p>\n<p><strong>Joachim van Dijk<\/strong><\/p>\n<p><span style=\"text-decoration: underline;\"><strong>Telefon:<\/strong><\/span><br \/>\n(0611) 29 769<\/p>\n<\/div><\/section><br \/>\n\n<style type=\"text\/css\" data-created_by=\"avia_inline_auto\" id=\"style-css-av-lh6d62hm-8952eee54d54a620918e78eafea88fe6\">\n#top .av-special-heading.av-lh6d62hm-8952eee54d54a620918e78eafea88fe6{\npadding-bottom:10px;\n}\nbody .av-special-heading.av-lh6d62hm-8952eee54d54a620918e78eafea88fe6 .av-special-heading-tag .heading-char{\nfont-size:25px;\n}\n.av-special-heading.av-lh6d62hm-8952eee54d54a620918e78eafea88fe6 .av-subheading{\nfont-size:15px;\n}\n<\/style>\n<div  class='av-special-heading av-lh6d62hm-8952eee54d54a620918e78eafea88fe6 av-special-heading-h4  avia-builder-el-10  el_after_av_textblock  el_before_av_contact '><h4 class='av-special-heading-tag '  itemprop=\"headline\"  >Kontaktformular<\/h4><div class=\"special-heading-border\"><div class=\"special-heading-inner-border\"><\/div><\/div><\/div><br \/>\n<form action=\"https:\/\/tg-schierstein.de\/?page_id=2673\" method=\"post\" data-fields-with-error=\"Fehler wurden in folgenden Feld(ern) gefunden:\" class=\"avia_ajax_form av-form-labels-visible   avia-builder-el-11  el_after_av_heading  avia-builder-el-last   \" data-avia-form-id=\"1\" data-avia-redirect='' ><fieldset><p class='  first_form  form_element form_fullwidth' id='element_avia_1_1'><label for=\"avia_1_1\">Name <abbr class=\"required\" title=\"ben\u00f6tigt\">*<\/abbr><\/label> <input name=\"avia_1_1\" class=\"text_input is_empty\" type=\"text\" id=\"avia_1_1\" value=\"\" \/><\/p><p class='  first_form  form_element form_fullwidth' id='element_avia_2_1'><label for=\"avia_2_1\">E-Mail <abbr class=\"required\" title=\"ben\u00f6tigt\">*<\/abbr><\/label> <input name=\"avia_2_1\" class=\"text_input is_email\" type=\"text\" id=\"avia_2_1\" value=\"\" \/><\/p><p class='  first_form  form_element form_fullwidth' id='element_avia_3_1'><label for=\"avia_3_1\">Telefon<\/label> <input name=\"avia_3_1\" class=\"text_input \" type=\"text\" id=\"avia_3_1\" value=\"\" \/><\/p><p class='  first_form  form_element form_fullwidth' id='element_avia_4_1'><label for=\"avia_4_1\">Betreff <abbr class=\"required\" title=\"ben\u00f6tigt\">*<\/abbr><\/label> <input name=\"avia_4_1\" class=\"text_input is_empty\" type=\"text\" id=\"avia_4_1\" value=\"\" \/><\/p><p class='  first_form  form_element form_fullwidth' id='element_avia_5_1'><label for=\"avia_5_1\" class=\"textare_label hidden textare_label_avia_5_1\">Nachricht <abbr class=\"required\" title=\"ben\u00f6tigt\">*<\/abbr><\/label><textarea  name=\"avia_5_1\" class=\"text_area is_empty\" cols=\"40\" rows=\"7\" id=\"avia_5_1\" ><\/textarea><\/p><p class=\"hidden\"><input type=\"text\" name=\"avia_6_1\" class=\"hidden \" id=\"avia_6_1\" value=\"\" \/><\/p><p class='   form_element form_fullwidth' id='element_avia_7_1'><span class='value_verifier_label'>1 + 7 = ?<\/span><input name=\"avia_7_1_verifier\" type=\"hidden\" id=\"avia_7_1_verifier\" value=\"441384884\"\/><label for=\"avia_7_1\">Bitte l\u00f6se die Gleichung. Diese Ma\u00dfnahme dient der Abwehr von Spam <abbr class=\"required\" title=\"ben\u00f6tigt\">*<\/abbr><\/label><input name=\"avia_7_1\" class=\"text_input captcha\" type=\"text\" id=\"avia_7_1\" value=\"\"\/><\/p><p class=\"form_element \"><input type=\"hidden\" value=\"1\" name=\"avia_generated_form1\" \/><input type=\"submit\" value=\"Senden\" class=\"button\"  data-sending-label=\"Sende\"\/><\/p><\/fieldset><\/form><div id=\"ajaxresponse_1\" class=\"ajaxresponse ajaxresponse_1 hidden\"><\/div><\/p><\/div>\n","protected":false},"excerpt":{"rendered":"","protected":false},"author":1,"featured_media":0,"parent":1514,"menu_order":13,"comment_status":"closed","ping_status":"closed","template":"","meta":{"_acf_changed":false,"footnotes":""},"class_list":["post-2673","page","type-page","status-publish","hentry"],"acf":[],"publishpress_future_action":{"enabled":false,"date":"2026-05-09 02:49:37","action":"change-status","newStatus":"draft","terms":[],"taxonomy":"","extraData":[]},"publishpress_future_workflow_manual_trigger":{"enabledWorkflows":[]},"_links":{"self":[{"href":"https:\/\/tg-schierstein.de\/index.php?rest_route=\/wp\/v2\/pages\/2673","targetHints":{"allow":["GET"]}}],"collection":[{"href":"https:\/\/tg-schierstein.de\/index.php?rest_route=\/wp\/v2\/pages"}],"about":[{"href":"https:\/\/tg-schierstein.de\/index.php?rest_route=\/wp\/v2\/types\/page"}],"author":[{"embeddable":true,"href":"https:\/\/tg-schierstein.de\/index.php?rest_route=\/wp\/v2\/users\/1"}],"replies":[{"embeddable":true,"href":"https:\/\/tg-schierstein.de\/index.php?rest_route=%2Fwp%2Fv2%2Fcomments&post=2673"}],"version-history":[{"count":3,"href":"https:\/\/tg-schierstein.de\/index.php?rest_route=\/wp\/v2\/pages\/2673\/revisions"}],"predecessor-version":[{"id":12740,"href":"https:\/\/tg-schierstein.de\/index.php?rest_route=\/wp\/v2\/pages\/2673\/revisions\/12740"}],"up":[{"embeddable":true,"href":"https:\/\/tg-schierstein.de\/index.php?rest_route=\/wp\/v2\/pages\/1514"}],"wp:attachment":[{"href":"https:\/\/tg-schierstein.de\/index.php?rest_route=%2Fwp%2Fv2%2Fmedia&parent=2673"}],"curies":[{"name":"wp","href":"https:\/\/api.w.org\/{rel}","templated":true}]}}