{"id":2628,"date":"2022-11-28T16:10:42","date_gmt":"2022-11-28T15:10:42","guid":{"rendered":"https:\/\/test.tg-schierstein.de\/?page_id=2628"},"modified":"2026-04-29T07:12:27","modified_gmt":"2026-04-29T05:12:27","slug":"turnen","status":"publish","type":"page","link":"https:\/\/tg-schierstein.de\/?page_id=2628","title":{"rendered":"Turnen"},"content":{"rendered":"\n<style type=\"text\/css\" data-created_by=\"avia_inline_auto\" id=\"style-css-av-ldrkw7-0b9b44cd63fddc7978cf361c560afe9f\">\n.flex_column.av-ldrkw7-0b9b44cd63fddc7978cf361c560afe9f{\nborder-radius:0px 0px 0px 0px;\npadding:0px 0px 0px 0px;\n}\n<\/style>\n<div  class='flex_column av-ldrkw7-0b9b44cd63fddc7978cf361c560afe9f av_one_half  avia-builder-el-0  el_before_av_one_fourth  avia-builder-el-first  first flex_column_div av-zero-column-padding  '     ><p>\n<style type=\"text\/css\" data-created_by=\"avia_inline_auto\" id=\"style-css-av-2kgno2-d7cf6bd8e02e77d6b7f6640a5ae1a489\">\n#top .av-special-heading.av-2kgno2-d7cf6bd8e02e77d6b7f6640a5ae1a489{\npadding-bottom:10px;\n}\nbody .av-special-heading.av-2kgno2-d7cf6bd8e02e77d6b7f6640a5ae1a489 .av-special-heading-tag .heading-char{\nfont-size:25px;\n}\n.av-special-heading.av-2kgno2-d7cf6bd8e02e77d6b7f6640a5ae1a489 .av-subheading{\nfont-size:15px;\n}\n<\/style>\n<div  class='av-special-heading av-2kgno2-d7cf6bd8e02e77d6b7f6640a5ae1a489 av-special-heading-h4  avia-builder-el-1  el_before_av_image  avia-builder-el-first '><h4 class='av-special-heading-tag '  itemprop=\"headline\"  >Die Abteilung stellt sich vor<\/h4><div class=\"special-heading-border\"><div class=\"special-heading-inner-border\"><\/div><\/div><\/div><br \/>\n\n<style type=\"text\/css\" data-created_by=\"avia_inline_auto\" id=\"style-css-av-lb0y29qd-bfba36419b0e29798fa02bf1126832a5\">\n.avia-image-container.av-lb0y29qd-bfba36419b0e29798fa02bf1126832a5 img.avia_image{\nbox-shadow:none;\n}\n.avia-image-container.av-lb0y29qd-bfba36419b0e29798fa02bf1126832a5 .av-image-caption-overlay-center{\ncolor:#ffffff;\n}\n<\/style>\n<div  class='avia-image-container av-lb0y29qd-bfba36419b0e29798fa02bf1126832a5 av-styling- avia_animated_image av-animated-when-visible-95 av-rotateInUpLeft avia-align-center  avia-builder-el-2  el_after_av_heading  el_before_av_textblock '   itemprop=\"image\" itemscope=\"itemscope\" itemtype=\"https:\/\/schema.org\/ImageObject\" ><div class=\"avia-image-container-inner\"><div class=\"avia-image-overlay-wrap\"><img decoding=\"async\" fetchpriority=\"high\" class='wp-image-2636 avia-img-lazy-loading-not-2636 avia_image ' src=\"https:\/\/tg-schierstein.de\/wp-content\/uploads\/2022\/11\/turnen_kopfbild.jpg\" alt='' title='turnen_kopfbild'  height=\"267\" width=\"600\"  itemprop=\"thumbnailUrl\" srcset=\"https:\/\/tg-schierstein.de\/wp-content\/uploads\/2022\/11\/turnen_kopfbild.jpg 600w, https:\/\/tg-schierstein.de\/wp-content\/uploads\/2022\/11\/turnen_kopfbild-300x134.jpg 300w\" sizes=\"(max-width: 600px) 100vw, 600px\" \/><\/div><\/div><\/div><br \/>\n<section  class='av_textblock_section av-l0xtryms-d1e03367f9ff5465808d13328a62af64 '   itemscope=\"itemscope\" itemtype=\"https:\/\/schema.org\/CreativeWork\" ><div class='avia_textblock'  itemprop=\"text\" ><p>Zusammen mit dem Verein ist die Turnabteilung 1848 entstanden. Damals gab es nur aktive, m\u00e4nnliche Turner. Die Struktur der Abteilung hat sich mittlerweile sehr gewandelt. Das \u201cTurnen\u201c oder \u201cGer\u00e4tturnen\u201c genannt, hat heute immer noch Tradition in unserem Verein und findet ausschlie\u00dflich in unserer Georg-Lang-Halle statt.<\/p>\n<p><a href=\"https:\/\/tg-schierstein.de\/?page_id=1842\">Das Eltern-Kind-Turnen<\/a> hat einen eigenen Stellenwert und ist daher eine eigene Rubrik im Men\u00fc zu finden.<\/p>\n<p>Bis zu einem Alter von 6\/7 Jahren turnen die Kinder in den verschiedenen Altersgruppen gemeinsam am Montag. Die \u00e4lteren M\u00e4dchen trainieren ebenfalls montags. Die Wettkampfgruppe trainiert zus\u00e4tzlich am Freitag. Aktuell ist das Jungenturnen leider wegen Trainermangel ausgesetzt. Die Erwachsenen trainieren mittwochs und freitags. Das Ger\u00e4tturnen der \u00e4lteren Turner wird freitags ab 19 Uhr abgehalten.<\/p>\n<p>Die regelm\u00e4\u00dfige Teilnahme an Deutschen und Hessischen Turnfesten hat Tradition. Unsere Jahresabschlussfeier im November und die Fastnachtssitzungen w\u00e4ren ohne die Turngruppen nicht denkbar.<\/p>\n<p>Kinderschauturnen, Kinderweihnachtsfeier und die j\u00e4hrlichen Vereinsmeisterschaften sind weitere Highlights f\u00fcr unsere jugendlichen Turnerinnen und Turner.<\/p>\n<\/div><\/section><\/p><\/div>\n\n<style type=\"text\/css\" data-created_by=\"avia_inline_auto\" id=\"style-css-av-1r04dz-c8e1b08faca97996bdaba4649fce16e1\">\n.flex_column.av-1r04dz-c8e1b08faca97996bdaba4649fce16e1{\nborder-radius:0px 0px 0px 0px;\npadding:0px 0px 0px 0px;\n}\n<\/style>\n<div  class='flex_column av-1r04dz-c8e1b08faca97996bdaba4649fce16e1 av_one_fourth  avia-builder-el-4  el_after_av_one_half  el_before_av_one_fourth  flex_column_div av-zero-column-padding  '     ><p>\n<style type=\"text\/css\" data-created_by=\"avia_inline_auto\" id=\"style-css-av-29azsi-26a0a9076a159c403fe29f0d744fe32e\">\n#top .av-special-heading.av-29azsi-26a0a9076a159c403fe29f0d744fe32e{\npadding-bottom:10px;\n}\nbody .av-special-heading.av-29azsi-26a0a9076a159c403fe29f0d744fe32e .av-special-heading-tag .heading-char{\nfont-size:25px;\n}\n.av-special-heading.av-29azsi-26a0a9076a159c403fe29f0d744fe32e .av-subheading{\nfont-size:15px;\n}\n<\/style>\n<div  class='av-special-heading av-29azsi-26a0a9076a159c403fe29f0d744fe32e av-special-heading-h4  avia-builder-el-5  el_before_av_button  avia-builder-el-first '><h4 class='av-special-heading-tag '  itemprop=\"headline\"  >Zeiten<\/h4><div class=\"special-heading-border\"><div class=\"special-heading-inner-border\"><\/div><\/div><\/div><br \/>\n<div  class='avia-button-wrap av-l0xudz0i-bc6a3dd97a5b28e2f39c1f6c72d8cb81-wrap avia-button-center  avia-builder-el-6  el_after_av_heading  el_before_av_iconlist '><a href='https:\/\/tg-schierstein.de\/?page_id=2640'  class='avia-button av-l0xudz0i-bc6a3dd97a5b28e2f39c1f6c72d8cb81 av-link-btn avia-icon_select-yes-left-icon avia-size-large avia-position-center avia-color-theme-color'   aria-label=\"Teilnahme\"><span class='avia_button_icon avia_button_icon_left avia-iconfont avia-font-entypo-fontello' data-av_icon='\ue862' data-av_iconfont='entypo-fontello' ><\/span><span class='avia_iconbox_title' >Teilnahme<\/span><\/a><\/div><br \/>\n\n<style type=\"text\/css\" data-created_by=\"avia_inline_auto\" id=\"style-css-av-miy5iori-07100e06ac084754afca30a3ede73f92\">\n#top .avia-icon-list-container.av-miy5iori-07100e06ac084754afca30a3ede73f92 .iconlist_icon{\ncolor:#346fdb;\nbackground-color:#ffffff;\nborder:1px solid #ffffff;\n}\n#top .avia-icon-list-container.av-miy5iori-07100e06ac084754afca30a3ede73f92 .iconlist_icon svg:first-child{\nstroke:#346fdb;\nfill:#346fdb;\n}\n#top #wrap_all .avia-icon-list-container.av-miy5iori-07100e06ac084754afca30a3ede73f92 .av_iconlist_title{\ncolor:#346fdb;\n}\n<\/style>\n<div  class='avia-icon-list-container av-miy5iori-07100e06ac084754afca30a3ede73f92  avia-builder-el-7  el_after_av_button  avia-builder-el-last '><ul class='avia-icon-list avia_animate_when_almost_visible avia-icon-list-left av-iconlist-small av-miy5iori-07100e06ac084754afca30a3ede73f92 avia-iconlist-animate'>\n<li><div class='iconlist_icon av-5caupg-ce7555b2e24edbe7096764403ef54c57 avia-font-entypo-fontello avia-iconfont avia-font-entypo-fontello'><span class='av-icon-char' data-av_icon='\ue862' data-av_iconfont='entypo-fontello' aria-hidden=\"true\"><\/span><\/div><article class=\"article-icon-entry \"  itemscope=\"itemscope\" itemtype=\"https:\/\/schema.org\/CreativeWork\" ><div class=\"iconlist_content_wrap\"><header class=\"entry-content-header\" aria-label=\"Icon: Montag\"><div class='av_iconlist_title iconlist_title_small  av_inherit_color'  itemprop=\"headline\" >Montag<\/div><\/header><div class='iconlist_content '  itemprop=\"text\" ><p><strong>14:00-14:50 Uhr<br \/>\n<\/strong>Gr. 5 \/ gemischte Gruppe<strong><br \/>\n<\/strong>(Teilnahme nur nach Absprache)<strong><br \/>\n<\/strong>mit Steffi Ohl &amp; Team<strong><br \/>\n<\/strong><\/p>\n<p><strong>15:00-16:00 Uhr<br \/>\n<\/strong>Gr. 1 \/ 3+4 Jahre<strong><br \/>\n<\/strong>mit Mirja Kunz &amp; Team<strong><br \/>\n<\/strong><\/p>\n<p><strong>16:00-17:00 Uhr<br \/>\n<\/strong>Gr. 2 \/ 5+6 Jahre<strong><br \/>\n<\/strong>mit Katrin J\u00e4ger &amp; Team<\/p>\n<p><strong>17:00-18:00 Uhr<br \/>\n<\/strong>Gr. 3 \/ 1.-3. Klasse<strong><br \/>\n<\/strong>mit Katrin J\u00e4ger &amp; Team<\/p>\n<p><strong>18:00-19:00 Uhr<br \/>\n<\/strong>Gr. 4 \/ ab 10 Jahre<strong><br \/>\n<\/strong>mit Viviane Iflinger<strong><br \/>\n<\/strong><\/p>\n<\/div><\/div><footer class=\"entry-footer\"><\/footer><\/article><div class=\"iconlist-timeline\"><\/div><\/li>\n<li><div class='iconlist_icon av-3p0iac-06c68a887b05b0bfd09de3320dfaa28a avia-font-entypo-fontello avia-iconfont avia-font-entypo-fontello'><span class='av-icon-char' data-av_icon='\ue862' data-av_iconfont='entypo-fontello' aria-hidden=\"true\"><\/span><\/div><article class=\"article-icon-entry \"  itemscope=\"itemscope\" itemtype=\"https:\/\/schema.org\/CreativeWork\" ><div class=\"iconlist_content_wrap\"><header class=\"entry-content-header\" aria-label=\"Icon: Mittwoch\"><div class='av_iconlist_title iconlist_title_small  av_inherit_color'  itemprop=\"headline\" >Mittwoch<\/div><\/header><div class='iconlist_content '  itemprop=\"text\" ><p><strong>18:00-19:00 Uhr<br \/>\n<\/strong>Erwachsene<strong><br \/>\n<\/strong>mit Reiner Siegert<strong><br \/>\n<\/strong><\/p>\n<\/div><\/div><footer class=\"entry-footer\"><\/footer><\/article><div class=\"iconlist-timeline\"><\/div><\/li>\n<li><div class='iconlist_icon av-miy5io53-e727a099a3707175374b1aac5c9d82bc avia-font-entypo-fontello avia-iconfont avia-font-entypo-fontello'><span class='av-icon-char' data-av_icon='\ue862' data-av_iconfont='entypo-fontello' aria-hidden=\"true\"><\/span><\/div><article class=\"article-icon-entry \"  itemscope=\"itemscope\" itemtype=\"https:\/\/schema.org\/CreativeWork\" ><div class=\"iconlist_content_wrap\"><header class=\"entry-content-header\" aria-label=\"Icon: Freitag\"><div class='av_iconlist_title iconlist_title_small  av_inherit_color'  itemprop=\"headline\" >Freitag<\/div><\/header><div class='iconlist_content '  itemprop=\"text\" ><p><strong>16:00-18:00 Uhr<br \/>\n<\/strong>M\u00e4dchen (Wettkampfgruppe)<strong><br \/>\n<\/strong>mit Mirja Kunz<strong><br \/>\n<\/strong><\/p>\n<p><strong>18:00-19:00 Uhr<br \/>\n<\/strong>Erwachsene<\/p>\n<\/div><\/div><footer class=\"entry-footer\"><\/footer><\/article><div class=\"iconlist-timeline\"><\/div><\/li>\n<li><div class='iconlist_icon av-2q4ais-9e2fa1f9de771618cb36f45664b75ad4 avia-font-entypo-fontello avia-iconfont avia-font-entypo-fontello'><span class='av-icon-char' data-av_icon='\ue841' data-av_iconfont='entypo-fontello' aria-hidden=\"true\"><\/span><\/div><article class=\"article-icon-entry \"  itemscope=\"itemscope\" itemtype=\"https:\/\/schema.org\/CreativeWork\" ><div class=\"iconlist_content_wrap\"><header class=\"entry-content-header\" aria-label=\"Icon: Ort\"><div class='av_iconlist_title iconlist_title_small  av_inherit_color'  itemprop=\"headline\" >Ort<\/div><\/header><div class='iconlist_content '  itemprop=\"text\" ><p><strong>Georg-Lang-Halle<\/strong><br \/>\nM\u00f6wenstra\u00dfe 25<br \/>\n65201 Wiesbaden<br \/>\n(Eingang \u00fcber Ehrengartstra\u00dfe)<\/p>\n<\/div><\/div><footer class=\"entry-footer\"><\/footer><\/article><div class=\"iconlist-timeline\"><\/div><\/li>\n<\/ul><\/div><\/p><\/div>\n\n<style type=\"text\/css\" data-created_by=\"avia_inline_auto\" id=\"style-css-av-bvan8-2013b98c5cdbadffc7065dde1e6f3d44\">\n.flex_column.av-bvan8-2013b98c5cdbadffc7065dde1e6f3d44{\nborder-radius:0px 0px 0px 0px;\npadding:0px 0px 0px 0px;\n}\n<\/style>\n<div  class='flex_column av-bvan8-2013b98c5cdbadffc7065dde1e6f3d44 av_one_fourth  avia-builder-el-8  el_after_av_one_fourth  avia-builder-el-last  flex_column_div av-zero-column-padding  '     ><p>\n<style type=\"text\/css\" data-created_by=\"avia_inline_auto\" id=\"style-css-av-kpdssarn-55cae377db482e7e91bec9cfb2cc51fd\">\n#top .av-special-heading.av-kpdssarn-55cae377db482e7e91bec9cfb2cc51fd{\npadding-bottom:10px;\n}\nbody .av-special-heading.av-kpdssarn-55cae377db482e7e91bec9cfb2cc51fd .av-special-heading-tag .heading-char{\nfont-size:25px;\n}\n.av-special-heading.av-kpdssarn-55cae377db482e7e91bec9cfb2cc51fd .av-subheading{\nfont-size:15px;\n}\n<\/style>\n<div  class='av-special-heading av-kpdssarn-55cae377db482e7e91bec9cfb2cc51fd av-special-heading-h4  avia-builder-el-9  el_before_av_textblock  avia-builder-el-first '><h4 class='av-special-heading-tag '  itemprop=\"headline\"  >Kontakt<\/h4><div class=\"special-heading-border\"><div class=\"special-heading-inner-border\"><\/div><\/div><\/div><br \/>\n<section  class='av_textblock_section av-kok3ivv2-48ac3db0b1d107e39c4a1605561aee53 '   itemscope=\"itemscope\" itemtype=\"https:\/\/schema.org\/CreativeWork\" ><div class='avia_textblock'  itemprop=\"text\" ><p><img loading=\"lazy\" decoding=\"async\" class=\"alignnone wp-image-1079 size-thumbnail\" src=\"https:\/\/tg-schierstein.de\/wp-content\/uploads\/2021\/05\/icon_schwebebalken_turnen_weiss_auf_rot_250px-80x80.png\" alt=\"\" width=\"80\" height=\"80\" srcset=\"https:\/\/tg-schierstein.de\/wp-content\/uploads\/2021\/05\/icon_schwebebalken_turnen_weiss_auf_rot_250px-80x80.png 80w, https:\/\/tg-schierstein.de\/wp-content\/uploads\/2021\/05\/icon_schwebebalken_turnen_weiss_auf_rot_250px-36x36.png 36w, https:\/\/tg-schierstein.de\/wp-content\/uploads\/2021\/05\/icon_schwebebalken_turnen_weiss_auf_rot_250px-180x180.png 180w, https:\/\/tg-schierstein.de\/wp-content\/uploads\/2021\/05\/icon_schwebebalken_turnen_weiss_auf_rot_250px.png 250w\" sizes=\"auto, (max-width: 80px) 100vw, 80px\" \/>\u00a0 <img loading=\"lazy\" decoding=\"async\" class=\"alignnone wp-image-1062 size-thumbnail\" src=\"https:\/\/tg-schierstein.de\/wp-content\/uploads\/2021\/05\/icon_barrenturnen_weiss_auf_rot_250px-80x80.png\" alt=\"\" width=\"80\" height=\"80\" srcset=\"https:\/\/tg-schierstein.de\/wp-content\/uploads\/2021\/05\/icon_barrenturnen_weiss_auf_rot_250px-80x80.png 80w, https:\/\/tg-schierstein.de\/wp-content\/uploads\/2021\/05\/icon_barrenturnen_weiss_auf_rot_250px-36x36.png 36w, https:\/\/tg-schierstein.de\/wp-content\/uploads\/2021\/05\/icon_barrenturnen_weiss_auf_rot_250px-180x180.png 180w, https:\/\/tg-schierstein.de\/wp-content\/uploads\/2021\/05\/icon_barrenturnen_weiss_auf_rot_250px.png 250w\" sizes=\"auto, (max-width: 80px) 100vw, 80px\" \/><\/p>\n<p><strong>Katrin J\u00e4ger<br \/>\nMirja Kunz<br \/>\nReiner Siegert<br \/>\n<\/strong><strong>Steffi Ohl<br \/>\nEmily Bruker<br \/>\n<\/strong><\/p>\n<\/div><\/section><br \/>\n\n<style type=\"text\/css\" data-created_by=\"avia_inline_auto\" id=\"style-css-av-lh6bwwib-8786f65c448b95cf308e5cbbadeb4ca2\">\n#top .av-special-heading.av-lh6bwwib-8786f65c448b95cf308e5cbbadeb4ca2{\npadding-bottom:10px;\n}\nbody .av-special-heading.av-lh6bwwib-8786f65c448b95cf308e5cbbadeb4ca2 .av-special-heading-tag .heading-char{\nfont-size:25px;\n}\n.av-special-heading.av-lh6bwwib-8786f65c448b95cf308e5cbbadeb4ca2 .av-subheading{\nfont-size:15px;\n}\n<\/style>\n<div  class='av-special-heading av-lh6bwwib-8786f65c448b95cf308e5cbbadeb4ca2 av-special-heading-h4  avia-builder-el-11  el_after_av_textblock  el_before_av_contact '><h4 class='av-special-heading-tag '  itemprop=\"headline\"  >Kontaktformular<\/h4><div class=\"special-heading-border\"><div class=\"special-heading-inner-border\"><\/div><\/div><\/div><br \/>\n<form action=\"https:\/\/tg-schierstein.de\/?page_id=2628\" method=\"post\" data-fields-with-error=\"Fehler wurden in folgenden Feld(ern) gefunden:\" class=\"avia_ajax_form av-form-labels-visible   avia-builder-el-12  el_after_av_heading  avia-builder-el-last   \" data-avia-form-id=\"1\" data-avia-redirect='' ><fieldset><p class='  first_form  form_element form_fullwidth' id='element_avia_1_1'><label for=\"avia_1_1\">Gruppe ? <abbr class=\"required\" title=\"ben\u00f6tigt\">*<\/abbr><\/label><select  name=\"avia_1_1\" class=\"select is_empty\" id=\"avia_1_1\"><option  selected=\"selected\" value=''><\/option><option   value='Turnen Kinder (Gr.1-5)'>Turnen Kinder (Gr.1-5)<\/option><option   value='Turnen (Erwachsene)'>Turnen (Erwachsene)<\/option><option   value='Turnen (Wettkampf M\u00e4dchen)'>Turnen (Wettkampf M\u00e4dchen)<\/option><\/select><\/p><p class='  first_form  form_element form_fullwidth' id='element_avia_2_1'><label for=\"avia_2_1\">Name <abbr class=\"required\" title=\"ben\u00f6tigt\">*<\/abbr><\/label> <input name=\"avia_2_1\" class=\"text_input is_empty\" type=\"text\" id=\"avia_2_1\" value=\"\" \/><\/p><p class='  first_form  form_element form_fullwidth' id='element_avia_3_1'><label for=\"avia_3_1\">E-Mail <abbr class=\"required\" title=\"ben\u00f6tigt\">*<\/abbr><\/label> <input name=\"avia_3_1\" class=\"text_input is_email\" type=\"text\" id=\"avia_3_1\" value=\"\" \/><\/p><p class='  first_form  form_element form_fullwidth' id='element_avia_4_1'><label for=\"avia_4_1\">Telefon<\/label> <input name=\"avia_4_1\" class=\"text_input \" type=\"text\" id=\"avia_4_1\" value=\"\" \/><\/p><p class='  first_form  form_element form_fullwidth' id='element_avia_5_1'><label for=\"avia_5_1\">Betreff <abbr class=\"required\" title=\"ben\u00f6tigt\">*<\/abbr><\/label> <input name=\"avia_5_1\" class=\"text_input is_empty\" type=\"text\" id=\"avia_5_1\" value=\"\" \/><\/p><p class='  first_form  form_element form_fullwidth' id='element_avia_6_1'><label for=\"avia_6_1\" class=\"textare_label hidden textare_label_avia_6_1\">Nachricht <abbr class=\"required\" title=\"ben\u00f6tigt\">*<\/abbr><\/label><textarea  name=\"avia_6_1\" class=\"text_area is_empty\" cols=\"40\" rows=\"7\" id=\"avia_6_1\" ><\/textarea><\/p><p class=\"hidden\"><input type=\"text\" name=\"avia_7_1\" class=\"hidden \" id=\"avia_7_1\" value=\"\" \/><\/p><p class='   form_element form_fullwidth' id='element_avia_8_1'><span class='value_verifier_label'>0 + 2 = ?<\/span><input name=\"avia_8_1_verifier\" type=\"hidden\" id=\"avia_8_1_verifier\" value=\"273552827\"\/><label for=\"avia_8_1\">Bitte l\u00f6se die Gleichung. Diese Ma\u00dfnahme dient der Abwehr von Spam <abbr class=\"required\" title=\"ben\u00f6tigt\">*<\/abbr><\/label><input name=\"avia_8_1\" class=\"text_input captcha\" type=\"text\" id=\"avia_8_1\" value=\"\"\/><\/p><p class=\"form_element \"><input type=\"hidden\" value=\"1\" name=\"avia_generated_form1\" \/><input type=\"submit\" value=\"Senden\" class=\"button\"  data-sending-label=\"Sende\"\/><\/p><\/fieldset><\/form><div id=\"ajaxresponse_1\" class=\"ajaxresponse ajaxresponse_1 hidden\"><\/div><\/p><\/div>\n","protected":false},"excerpt":{"rendered":"","protected":false},"author":1,"featured_media":0,"parent":1514,"menu_order":12,"comment_status":"closed","ping_status":"closed","template":"","meta":{"_acf_changed":false,"footnotes":""},"class_list":["post-2628","page","type-page","status-publish","hentry"],"acf":[],"publishpress_future_action":{"enabled":false,"date":"2026-05-09 11:16:42","action":"change-status","newStatus":"draft","terms":[],"taxonomy":"","extraData":[]},"publishpress_future_workflow_manual_trigger":{"enabledWorkflows":[]},"_links":{"self":[{"href":"https:\/\/tg-schierstein.de\/index.php?rest_route=\/wp\/v2\/pages\/2628","targetHints":{"allow":["GET"]}}],"collection":[{"href":"https:\/\/tg-schierstein.de\/index.php?rest_route=\/wp\/v2\/pages"}],"about":[{"href":"https:\/\/tg-schierstein.de\/index.php?rest_route=\/wp\/v2\/types\/page"}],"author":[{"embeddable":true,"href":"https:\/\/tg-schierstein.de\/index.php?rest_route=\/wp\/v2\/users\/1"}],"replies":[{"embeddable":true,"href":"https:\/\/tg-schierstein.de\/index.php?rest_route=%2Fwp%2Fv2%2Fcomments&post=2628"}],"version-history":[{"count":18,"href":"https:\/\/tg-schierstein.de\/index.php?rest_route=\/wp\/v2\/pages\/2628\/revisions"}],"predecessor-version":[{"id":13896,"href":"https:\/\/tg-schierstein.de\/index.php?rest_route=\/wp\/v2\/pages\/2628\/revisions\/13896"}],"up":[{"embeddable":true,"href":"https:\/\/tg-schierstein.de\/index.php?rest_route=\/wp\/v2\/pages\/1514"}],"wp:attachment":[{"href":"https:\/\/tg-schierstein.de\/index.php?rest_route=%2Fwp%2Fv2%2Fmedia&parent=2628"}],"curies":[{"name":"wp","href":"https:\/\/api.w.org\/{rel}","templated":true}]}}